{"id":3407,"date":"2024-10-01T17:28:05","date_gmt":"2024-10-01T20:28:05","guid":{"rendered":"https:\/\/ensalcira-cba.infd.edu.ar\/sitio\/?page_id=3407"},"modified":"2024-10-01T17:36:06","modified_gmt":"2024-10-01T20:36:06","slug":"programa-cordoba-juega","status":"publish","type":"page","link":"https:\/\/ensalcira-cba.infd.edu.ar\/sitio\/programa-cordoba-juega\/","title":{"rendered":"Programa C\u00f3rdoba Juega"},"content":{"rendered":"\n<p>Como cada a\u00f1o nuestros estudiantes siguen participando de esta propuesta deportiva\/educativa realizada en la ciudad de R\u00edo Cuarto.<\/p>\n\n\n\n<p>Los estudiantes participantes en atletismo fueron:<\/p>\n\n\n\n<ul>\n<li>Dar\u00edo Tejada<\/li>\n\n\n\n<li>Lautaro Godoy<\/li>\n\n\n\n<li>Ariel Arce<\/li>\n\n\n\n<li>Tiziano Mamani<\/li>\n<\/ul>\n\n\n\n<p>Acompa\u00f1ados por la Prof. Gabriela Ferrero y el Prof. Emiliano D\u00edaz<\/p>\n\n\n\n<div class=\"wp-block-columns is-layout-flex wp-container-3\">\n<div class=\"wp-block-column is-layout-flow\">\n<figure class=\"wp-block-image size-full\"><img decoding=\"async\" loading=\"lazy\" width=\"1440\" height=\"1080\" src=\"https:\/\/ensalcira-cba.infd.edu.ar\/sitio\/wp-content\/uploads\/2024\/10\/459305306_2241311742897950_3696407879746164690_n.jpg\" alt=\"\" class=\"wp-image-3411\" srcset=\"https:\/\/ensalcira-cba.infd.edu.ar\/sitio\/wp-content\/uploads\/2024\/10\/459305306_2241311742897950_3696407879746164690_n.jpg 1440w, https:\/\/ensalcira-cba.infd.edu.ar\/sitio\/wp-content\/uploads\/2024\/10\/459305306_2241311742897950_3696407879746164690_n-1000x750.jpg 1000w, https:\/\/ensalcira-cba.infd.edu.ar\/sitio\/wp-content\/uploads\/2024\/10\/459305306_2241311742897950_3696407879746164690_n-768x576.jpg 768w\" sizes=\"(max-width: 1440px) 100vw, 1440px\" \/><\/figure>\n<\/div>\n\n\n\n<div class=\"wp-block-column is-layout-flow\">\n<figure class=\"wp-block-image size-full\"><img decoding=\"async\" loading=\"lazy\" width=\"1440\" height=\"1080\" src=\"https:\/\/ensalcira-cba.infd.edu.ar\/sitio\/wp-content\/uploads\/2024\/10\/459347453_2241311739564617_4672026225037266085_n.jpg\" alt=\"\" class=\"wp-image-3413\" srcset=\"https:\/\/ensalcira-cba.infd.edu.ar\/sitio\/wp-content\/uploads\/2024\/10\/459347453_2241311739564617_4672026225037266085_n.jpg 1440w, https:\/\/ensalcira-cba.infd.edu.ar\/sitio\/wp-content\/uploads\/2024\/10\/459347453_2241311739564617_4672026225037266085_n-1000x750.jpg 1000w, https:\/\/ensalcira-cba.infd.edu.ar\/sitio\/wp-content\/uploads\/2024\/10\/459347453_2241311739564617_4672026225037266085_n-768x576.jpg 768w\" sizes=\"(max-width: 1440px) 100vw, 1440px\" \/><\/figure>\n<\/div>\n<\/div>\n","protected":false},"excerpt":{"rendered":"<p>Como cada a\u00f1o nuestros estudiantes siguen participando de esta propuesta deportiva\/educativa realizada en la ciudad de R\u00edo Cuarto. Los estudiantes participantes en atletismo fueron: Acompa\u00f1ados por la Prof. Gabriela Ferrero y el Prof. Emiliano D\u00edaz<\/p>\n","protected":false},"author":330,"featured_media":0,"parent":0,"menu_order":0,"comment_status":"closed","ping_status":"closed","template":"","meta":[],"acf":[],"_links":{"self":[{"href":"https:\/\/ensalcira-cba.infd.edu.ar\/sitio\/wp-json\/wp\/v2\/pages\/3407"}],"collection":[{"href":"https:\/\/ensalcira-cba.infd.edu.ar\/sitio\/wp-json\/wp\/v2\/pages"}],"about":[{"href":"https:\/\/ensalcira-cba.infd.edu.ar\/sitio\/wp-json\/wp\/v2\/types\/page"}],"author":[{"embeddable":true,"href":"https:\/\/ensalcira-cba.infd.edu.ar\/sitio\/wp-json\/wp\/v2\/users\/330"}],"replies":[{"embeddable":true,"href":"https:\/\/ensalcira-cba.infd.edu.ar\/sitio\/wp-json\/wp\/v2\/comments?post=3407"}],"version-history":[{"count":2,"href":"https:\/\/ensalcira-cba.infd.edu.ar\/sitio\/wp-json\/wp\/v2\/pages\/3407\/revisions"}],"predecessor-version":[{"id":3414,"href":"https:\/\/ensalcira-cba.infd.edu.ar\/sitio\/wp-json\/wp\/v2\/pages\/3407\/revisions\/3414"}],"wp:attachment":[{"href":"https:\/\/ensalcira-cba.infd.edu.ar\/sitio\/wp-json\/wp\/v2\/media?parent=3407"}],"curies":[{"name":"wp","href":"https:\/\/api.w.org\/{rel}","templated":true}]}}

Programa Córdoba Juega

<p>Como cada año nuestros estudiantes siguen participando de esta propuesta deportiva/educativa realizada en la ciudad de Río Cuarto.</p>



<p>Los estudiantes participantes en atletismo fueron:</p>



<ul>
<li>Darío Tejada</li>



<li>Lautaro Godoy</li>



<li>Ariel Arce</li>



<li>Tiziano Mamani</li>
</ul>



<p>Acompañados por la Prof. Gabriela Ferrero y el Prof. Emiliano Díaz</p>



<div class="wp-block-columns is-layout-flex wp-container-3">
<div class="wp-block-column is-layout-flow">
<figure class="wp-block-image size-full"><img decoding="async" loading="lazy" width="1440" height="1080" src="https://ensalcira-cba.infd.edu.ar/sitio/wp-content/uploads/2024/10/459305306_2241311742897950_3696407879746164690_n.jpg" alt="" class="wp-image-3411" srcset="https://ensalcira-cba.infd.edu.ar/sitio/wp-content/uploads/2024/10/459305306_2241311742897950_3696407879746164690_n.jpg 1440w, https://ensalcira-cba.infd.edu.ar/sitio/wp-content/uploads/2024/10/459305306_2241311742897950_3696407879746164690_n-1000x750.jpg 1000w, https://ensalcira-cba.infd.edu.ar/sitio/wp-content/uploads/2024/10/459305306_2241311742897950_3696407879746164690_n-768x576.jpg 768w" sizes="(max-width: 1440px) 100vw, 1440px" /></figure>
</div>



<div class="wp-block-column is-layout-flow">
<figure class="wp-block-image size-full"><img decoding="async" loading="lazy" width="1440" height="1080" src="https://ensalcira-cba.infd.edu.ar/sitio/wp-content/uploads/2024/10/459347453_2241311739564617_4672026225037266085_n.jpg" alt="" class="wp-image-3413" srcset="https://ensalcira-cba.infd.edu.ar/sitio/wp-content/uploads/2024/10/459347453_2241311739564617_4672026225037266085_n.jpg 1440w, https://ensalcira-cba.infd.edu.ar/sitio/wp-content/uploads/2024/10/459347453_2241311739564617_4672026225037266085_n-1000x750.jpg 1000w, https://ensalcira-cba.infd.edu.ar/sitio/wp-content/uploads/2024/10/459347453_2241311739564617_4672026225037266085_n-768x576.jpg 768w" sizes="(max-width: 1440px) 100vw, 1440px" /></figure>
</div>
</div>

<p>Como cada año nuestros estudiantes siguen participando de esta propuesta deportiva/educativa realizada en la ciudad de Río Cuarto. Los estudiantes participantes en atletismo fueron: Acompañados por la Prof. Gabriela Ferrero y el Prof. Emiliano Díaz</p>
