{"id":3389,"date":"2024-10-01T15:00:42","date_gmt":"2024-10-01T18:00:42","guid":{"rendered":"https:\/\/ensalcira-cba.infd.edu.ar\/sitio\/?page_id=3389"},"modified":"2024-10-01T17:30:56","modified_gmt":"2024-10-01T20:30:56","slug":"centro-de-estudiantes","status":"publish","type":"page","link":"https:\/\/ensalcira-cba.infd.edu.ar\/sitio\/centro-de-estudiantes\/","title":{"rendered":"Centro de Estudiantes"},"content":{"rendered":"\n<p><strong><mark style=\"background-color:#8c171f\" class=\"has-inline-color has-base-2-color\">\u00bfQu\u00e9 es un Centro de estudiantes?<\/mark><\/strong><\/p>\n\n\n\n<p>Es un espacio de participaci\u00f3n estudiantil en el que las y los estudiantes pueden debatir y organizarse. Es una de las herramientas que tienen para transformar la realidad que las y los rodea, expresarse y alzar su voz.<\/p>\n\n\n\n<p>Es importante su conformaci\u00f3n porque es el lugar donde muchos j\u00f3venes empiezan su participaci\u00f3n democr\u00e1tica, eligen a sus representantes y ponen en pr\u00e1ctica las decisiones que toman colectivamente. Sus principales funciones son:<\/p>\n\n\n\n<ul>\n<li>Fomentar la participaci\u00f3n juvenil<\/li>\n\n\n\n<li>Promover los intereses y derechos estudiantiles<\/li>\n\n\n\n<li>Representar al estudiantado<\/li>\n<\/ul>\n\n\n\n<p><mark style=\"background-color:#8a1414\" class=\"has-inline-color has-base-2-color\"><strong>Integrantes de nuestro Centro de estudiantes:<\/strong><\/mark><\/p>\n\n\n\n<p><strong>Presidente<\/strong>: Halier, Exequiel<\/p>\n\n\n\n<p><strong>Vice Presidente<\/strong>: Rivarola, Benjam\u00edn<\/p>\n\n\n\n<p><strong>Tesorera<\/strong>: Ferrero, Luisana<\/p>\n\n\n\n<p><strong>Secretar\u00eda General<\/strong>: Espinoza, Alison<\/p>\n\n\n\n<p><strong>Secretar\u00eda de Comunicaci\u00f3n<\/strong>: Migueles, Emma<\/p>\n\n\n\n<p><strong>Secretar\u00eda de Cultura<\/strong>: Ocanto, Melina<\/p>\n\n\n\n<p><strong>Secretar\u00eda de Historia<\/strong>: Ledesma, Victoria<\/p>\n\n\n\n<p><strong>Vocales Titulares:<\/strong><\/p>\n\n\n\n<ul>\n<li>\u00c1valo, Tom\u00e1s<\/li>\n\n\n\n<li>Espinoza, Ambar<\/li>\n\n\n\n<li>Benedetti, Josefina<\/li>\n<\/ul>\n\n\n\n<p><strong>Vocales Suplentes:<\/strong><\/p>\n\n\n\n<ul>\n<li>Fern\u00e1ndez, Jon\u00e1s<\/li>\n\n\n\n<li>Delfino, Victoria<\/li>\n\n\n\n<li>Heredia, Jocelyn<\/li>\n<\/ul>\n\n\n\n<p>Mira el proceso de votaci\u00f3n ac\u00e1: <a href=\"https:\/\/www.instagram.com\/p\/C-_hzCYvkZF\/\">https:\/\/www.instagram.com\/p\/C-_hzCYvkZF\/<\/a><\/p>\n\n\n\n<div class=\"wp-block-columns is-layout-flex wp-container-3\">\n<div class=\"wp-block-column is-layout-flow\">\n<figure class=\"wp-block-image size-full\"><img decoding=\"async\" loading=\"lazy\" width=\"1600\" height=\"1204\" src=\"https:\/\/ensalcira-cba.infd.edu.ar\/sitio\/wp-content\/uploads\/2024\/10\/WhatsApp-Image-2024-09-02-at-14.52.38.jpeg\" alt=\"\" class=\"wp-image-3399\" srcset=\"https:\/\/ensalcira-cba.infd.edu.ar\/sitio\/wp-content\/uploads\/2024\/10\/WhatsApp-Image-2024-09-02-at-14.52.38.jpeg 1600w, https:\/\/ensalcira-cba.infd.edu.ar\/sitio\/wp-content\/uploads\/2024\/10\/WhatsApp-Image-2024-09-02-at-14.52.38-1000x753.jpeg 1000w, https:\/\/ensalcira-cba.infd.edu.ar\/sitio\/wp-content\/uploads\/2024\/10\/WhatsApp-Image-2024-09-02-at-14.52.38-768x578.jpeg 768w, https:\/\/ensalcira-cba.infd.edu.ar\/sitio\/wp-content\/uploads\/2024\/10\/WhatsApp-Image-2024-09-02-at-14.52.38-1536x1156.jpeg 1536w\" sizes=\"(max-width: 1600px) 100vw, 1600px\" \/><\/figure>\n<\/div>\n\n\n\n<div class=\"wp-block-column is-layout-flow\">\n<figure class=\"wp-block-image size-full\"><img decoding=\"async\" loading=\"lazy\" width=\"1600\" height=\"1200\" src=\"https:\/\/ensalcira-cba.infd.edu.ar\/sitio\/wp-content\/uploads\/2024\/10\/WhatsApp-Image-2024-10-01-at-16.51.01.jpeg\" alt=\"\" class=\"wp-image-3400\" srcset=\"https:\/\/ensalcira-cba.infd.edu.ar\/sitio\/wp-content\/uploads\/2024\/10\/WhatsApp-Image-2024-10-01-at-16.51.01.jpeg 1600w, https:\/\/ensalcira-cba.infd.edu.ar\/sitio\/wp-content\/uploads\/2024\/10\/WhatsApp-Image-2024-10-01-at-16.51.01-1000x750.jpeg 1000w, https:\/\/ensalcira-cba.infd.edu.ar\/sitio\/wp-content\/uploads\/2024\/10\/WhatsApp-Image-2024-10-01-at-16.51.01-768x576.jpeg 768w, https:\/\/ensalcira-cba.infd.edu.ar\/sitio\/wp-content\/uploads\/2024\/10\/WhatsApp-Image-2024-10-01-at-16.51.01-1536x1152.jpeg 1536w\" sizes=\"(max-width: 1600px) 100vw, 1600px\" \/><\/figure>\n<\/div>\n<\/div>\n\n\n\n<p>En el marco de los festejos por los 70 a\u00f1os de nuestra Instituci\u00f3n la Municipalidad de Alcira junto al Centro de Estudiantes coordinaron una noche de concierto con la actuaci\u00f3n de la Agrupaci\u00f3n Filomusical F\u00e9lix Frutos de la ciudad de General Deheza y de la Banda Local \u00abMelod\u00edas de Alcira\u00bb. <\/p>\n\n\n\n<p>El evento fue gratuito pero se les solicitaba a los espectadores la posible donaci\u00f3n de un \u00fatil escolar. Tambi\u00e9n hubo una feria de platos dulces. Ambas acciones fueron realizadas por el centro de estudiantes. <\/p>\n\n\n\n<div class=\"wp-block-columns is-layout-flex wp-container-6\">\n<div class=\"wp-block-column is-layout-flow\">\n<figure class=\"wp-block-image size-full\"><img decoding=\"async\" loading=\"lazy\" width=\"901\" height=\"1600\" src=\"https:\/\/ensalcira-cba.infd.edu.ar\/sitio\/wp-content\/uploads\/2024\/10\/WhatsApp-Image-2024-10-01-at-17.24.48.jpeg\" alt=\"\" class=\"wp-image-3404\" srcset=\"https:\/\/ensalcira-cba.infd.edu.ar\/sitio\/wp-content\/uploads\/2024\/10\/WhatsApp-Image-2024-10-01-at-17.24.48.jpeg 901w, https:\/\/ensalcira-cba.infd.edu.ar\/sitio\/wp-content\/uploads\/2024\/10\/WhatsApp-Image-2024-10-01-at-17.24.48-563x1000.jpeg 563w, https:\/\/ensalcira-cba.infd.edu.ar\/sitio\/wp-content\/uploads\/2024\/10\/WhatsApp-Image-2024-10-01-at-17.24.48-768x1364.jpeg 768w, https:\/\/ensalcira-cba.infd.edu.ar\/sitio\/wp-content\/uploads\/2024\/10\/WhatsApp-Image-2024-10-01-at-17.24.48-865x1536.jpeg 865w\" sizes=\"(max-width: 901px) 100vw, 901px\" \/><\/figure>\n<\/div>\n\n\n\n<div class=\"wp-block-column is-layout-flow\">\n<figure class=\"wp-block-image size-full\"><img decoding=\"async\" loading=\"lazy\" width=\"952\" height=\"1222\" src=\"https:\/\/ensalcira-cba.infd.edu.ar\/sitio\/wp-content\/uploads\/2024\/10\/WhatsApp-Image-2024-10-01-at-17.24.48-1.jpeg\" alt=\"\" class=\"wp-image-3405\" srcset=\"https:\/\/ensalcira-cba.infd.edu.ar\/sitio\/wp-content\/uploads\/2024\/10\/WhatsApp-Image-2024-10-01-at-17.24.48-1.jpeg 952w, https:\/\/ensalcira-cba.infd.edu.ar\/sitio\/wp-content\/uploads\/2024\/10\/WhatsApp-Image-2024-10-01-at-17.24.48-1-779x1000.jpeg 779w, https:\/\/ensalcira-cba.infd.edu.ar\/sitio\/wp-content\/uploads\/2024\/10\/WhatsApp-Image-2024-10-01-at-17.24.48-1-768x986.jpeg 768w\" sizes=\"(max-width: 952px) 100vw, 952px\" \/><\/figure>\n<\/div>\n<\/div>\n","protected":false},"excerpt":{"rendered":"<p>\u00bfQu\u00e9 es un Centro de estudiantes? Es un espacio de participaci\u00f3n estudiantil en el que las y los estudiantes pueden debatir y organizarse. Es una de las herramientas que tienen para transformar la realidad que las y los rodea, expresarse y alzar su voz. Es importante su conformaci\u00f3n porque es el lugar donde muchos j\u00f3venes &#8230; <a title=\"Centro de Estudiantes\" class=\"read-more\" href=\"https:\/\/ensalcira-cba.infd.edu.ar\/sitio\/centro-de-estudiantes\/\" aria-label=\"More on Centro de Estudiantes\">[+]<\/a><\/p>\n","protected":false},"author":330,"featured_media":0,"parent":0,"menu_order":0,"comment_status":"closed","ping_status":"closed","template":"","meta":[],"acf":[],"_links":{"self":[{"href":"https:\/\/ensalcira-cba.infd.edu.ar\/sitio\/wp-json\/wp\/v2\/pages\/3389"}],"collection":[{"href":"https:\/\/ensalcira-cba.infd.edu.ar\/sitio\/wp-json\/wp\/v2\/pages"}],"about":[{"href":"https:\/\/ensalcira-cba.infd.edu.ar\/sitio\/wp-json\/wp\/v2\/types\/page"}],"author":[{"embeddable":true,"href":"https:\/\/ensalcira-cba.infd.edu.ar\/sitio\/wp-json\/wp\/v2\/users\/330"}],"replies":[{"embeddable":true,"href":"https:\/\/ensalcira-cba.infd.edu.ar\/sitio\/wp-json\/wp\/v2\/comments?post=3389"}],"version-history":[{"count":5,"href":"https:\/\/ensalcira-cba.infd.edu.ar\/sitio\/wp-json\/wp\/v2\/pages\/3389\/revisions"}],"predecessor-version":[{"id":3410,"href":"https:\/\/ensalcira-cba.infd.edu.ar\/sitio\/wp-json\/wp\/v2\/pages\/3389\/revisions\/3410"}],"wp:attachment":[{"href":"https:\/\/ensalcira-cba.infd.edu.ar\/sitio\/wp-json\/wp\/v2\/media?parent=3389"}],"curies":[{"name":"wp","href":"https:\/\/api.w.org\/{rel}","templated":true}]}}

<p><strong><mark style="background-color:#8c171f" class="has-inline-color has-base-2-color">¿Qué es un Centro de estudiantes?</mark></strong></p>



<p>Es un espacio de participación estudiantil en el que las y los estudiantes pueden debatir y organizarse. Es una de las herramientas que tienen para transformar la realidad que las y los rodea, expresarse y alzar su voz.</p>



<p>Es importante su conformación porque es el lugar donde muchos jóvenes empiezan su participación democrática, eligen a sus representantes y ponen en práctica las decisiones que toman colectivamente. Sus principales funciones son:</p>



<ul>
<li>Fomentar la participación juvenil</li>



<li>Promover los intereses y derechos estudiantiles</li>



<li>Representar al estudiantado</li>
</ul>



<p><mark style="background-color:#8a1414" class="has-inline-color has-base-2-color"><strong>Integrantes de nuestro Centro de estudiantes:</strong></mark></p>



<p><strong>Presidente</strong>: Halier, Exequiel</p>



<p><strong>Vice Presidente</strong>: Rivarola, Benjamín</p>



<p><strong>Tesorera</strong>: Ferrero, Luisana</p>



<p><strong>Secretaría General</strong>: Espinoza, Alison</p>



<p><strong>Secretaría de Comunicación</strong>: Migueles, Emma</p>



<p><strong>Secretaría de Cultura</strong>: Ocanto, Melina</p>



<p><strong>Secretaría de Historia</strong>: Ledesma, Victoria</p>



<p><strong>Vocales Titulares:</strong></p>



<ul>
<li>Ávalo, Tomás</li>



<li>Espinoza, Ambar</li>



<li>Benedetti, Josefina</li>
</ul>



<p><strong>Vocales Suplentes:</strong></p>



<ul>
<li>Fernández, Jonás</li>



<li>Delfino, Victoria</li>



<li>Heredia, Jocelyn</li>
</ul>



<p>Mira el proceso de votación acá: <a href="https://www.instagram.com/p/C-_hzCYvkZF/">https://www.instagram.com/p/C-_hzCYvkZF/</a></p>



<div class="wp-block-columns is-layout-flex wp-container-3">
<div class="wp-block-column is-layout-flow">
<figure class="wp-block-image size-full"><img decoding="async" loading="lazy" width="1600" height="1204" src="https://ensalcira-cba.infd.edu.ar/sitio/wp-content/uploads/2024/10/WhatsApp-Image-2024-09-02-at-14.52.38.jpeg" alt="" class="wp-image-3399" srcset="https://ensalcira-cba.infd.edu.ar/sitio/wp-content/uploads/2024/10/WhatsApp-Image-2024-09-02-at-14.52.38.jpeg 1600w, https://ensalcira-cba.infd.edu.ar/sitio/wp-content/uploads/2024/10/WhatsApp-Image-2024-09-02-at-14.52.38-1000x753.jpeg 1000w, https://ensalcira-cba.infd.edu.ar/sitio/wp-content/uploads/2024/10/WhatsApp-Image-2024-09-02-at-14.52.38-768x578.jpeg 768w, https://ensalcira-cba.infd.edu.ar/sitio/wp-content/uploads/2024/10/WhatsApp-Image-2024-09-02-at-14.52.38-1536x1156.jpeg 1536w" sizes="(max-width: 1600px) 100vw, 1600px" /></figure>
</div>



<div class="wp-block-column is-layout-flow">
<figure class="wp-block-image size-full"><img decoding="async" loading="lazy" width="1600" height="1200" src="https://ensalcira-cba.infd.edu.ar/sitio/wp-content/uploads/2024/10/WhatsApp-Image-2024-10-01-at-16.51.01.jpeg" alt="" class="wp-image-3400" srcset="https://ensalcira-cba.infd.edu.ar/sitio/wp-content/uploads/2024/10/WhatsApp-Image-2024-10-01-at-16.51.01.jpeg 1600w, https://ensalcira-cba.infd.edu.ar/sitio/wp-content/uploads/2024/10/WhatsApp-Image-2024-10-01-at-16.51.01-1000x750.jpeg 1000w, https://ensalcira-cba.infd.edu.ar/sitio/wp-content/uploads/2024/10/WhatsApp-Image-2024-10-01-at-16.51.01-768x576.jpeg 768w, https://ensalcira-cba.infd.edu.ar/sitio/wp-content/uploads/2024/10/WhatsApp-Image-2024-10-01-at-16.51.01-1536x1152.jpeg 1536w" sizes="(max-width: 1600px) 100vw, 1600px" /></figure>
</div>
</div>



<p>En el marco de los festejos por los 70 años de nuestra Institución la Municipalidad de Alcira junto al Centro de Estudiantes coordinaron una noche de concierto con la actuación de la Agrupación Filomusical Félix Frutos de la ciudad de General Deheza y de la Banda Local «Melodías de Alcira». </p>



<p>El evento fue gratuito pero se les solicitaba a los espectadores la posible donación de un útil escolar. También hubo una feria de platos dulces. Ambas acciones fueron realizadas por el centro de estudiantes. </p>



<div class="wp-block-columns is-layout-flex wp-container-6">
<div class="wp-block-column is-layout-flow">
<figure class="wp-block-image size-full"><img decoding="async" loading="lazy" width="901" height="1600" src="https://ensalcira-cba.infd.edu.ar/sitio/wp-content/uploads/2024/10/WhatsApp-Image-2024-10-01-at-17.24.48.jpeg" alt="" class="wp-image-3404" srcset="https://ensalcira-cba.infd.edu.ar/sitio/wp-content/uploads/2024/10/WhatsApp-Image-2024-10-01-at-17.24.48.jpeg 901w, https://ensalcira-cba.infd.edu.ar/sitio/wp-content/uploads/2024/10/WhatsApp-Image-2024-10-01-at-17.24.48-563x1000.jpeg 563w, https://ensalcira-cba.infd.edu.ar/sitio/wp-content/uploads/2024/10/WhatsApp-Image-2024-10-01-at-17.24.48-768x1364.jpeg 768w, https://ensalcira-cba.infd.edu.ar/sitio/wp-content/uploads/2024/10/WhatsApp-Image-2024-10-01-at-17.24.48-865x1536.jpeg 865w" sizes="(max-width: 901px) 100vw, 901px" /></figure>
</div>



<div class="wp-block-column is-layout-flow">
<figure class="wp-block-image size-full"><img decoding="async" loading="lazy" width="952" height="1222" src="https://ensalcira-cba.infd.edu.ar/sitio/wp-content/uploads/2024/10/WhatsApp-Image-2024-10-01-at-17.24.48-1.jpeg" alt="" class="wp-image-3405" srcset="https://ensalcira-cba.infd.edu.ar/sitio/wp-content/uploads/2024/10/WhatsApp-Image-2024-10-01-at-17.24.48-1.jpeg 952w, https://ensalcira-cba.infd.edu.ar/sitio/wp-content/uploads/2024/10/WhatsApp-Image-2024-10-01-at-17.24.48-1-779x1000.jpeg 779w, https://ensalcira-cba.infd.edu.ar/sitio/wp-content/uploads/2024/10/WhatsApp-Image-2024-10-01-at-17.24.48-1-768x986.jpeg 768w" sizes="(max-width: 952px) 100vw, 952px" /></figure>
</div>
</div>

<p>¿Qué es un Centro de estudiantes? Es un espacio de participación estudiantil en el que las y los estudiantes pueden debatir y organizarse. Es una de las herramientas que tienen para transformar la realidad que las y los rodea, expresarse y alzar su voz. Es importante su conformación porque es el lugar donde muchos jóvenes &#8230; <a title="Centro de Estudiantes" class="read-more" href="https://ensalcira-cba.infd.edu.ar/sitio/centro-de-estudiantes/" aria-label="More on Centro de Estudiantes">[+]</a></p>
