{"id":3373,"date":"2024-09-24T18:25:25","date_gmt":"2024-09-24T21:25:25","guid":{"rendered":"https:\/\/ensalcira-cba.infd.edu.ar\/sitio\/?page_id=3373"},"modified":"2024-10-01T15:32:28","modified_gmt":"2024-10-01T18:32:28","slug":"feria-de-ciencias","status":"publish","type":"page","link":"https:\/\/ensalcira-cba.infd.edu.ar\/sitio\/feria-de-ciencias\/","title":{"rendered":"Feria de Ciencias"},"content":{"rendered":"\n<p>El d\u00eda 02 de Agosto del corriente se llev\u00f3 a cabo la 56\u00b0 Feria de Ciencias, Tecnolog\u00edas, Artes e Innovaci\u00f3n. De la misma participaron estudiantes de todos los cursos de Nivel Secundario, del Profesorado de Educaci\u00f3n Primaria y de la Tecnicatura Superior en Higiene y Seguridad en el Trabajo con interesantes Proyectos acompa\u00f1ados por docentes orientadores.<\/p>\n\n\n\n<p>Se cont\u00f3 con la visita del Inspector de Educaci\u00f3n Superior III Prof. Ernesto Olmedo, acompa\u00f1ado de la Secretaria Prof. Miriam Mosconi y la se\u00f1ora Intendenta Nancy Foresto. <\/p>\n\n\n\n<p>Si quieres ver los Proyectos ingresa a los siguientes links:<\/p>\n\n\n\n<p>Proyecto \u00abConservaci\u00f3n de humedales, aspectos ambientales y sociales\u00bb &#8211; LAGUNA DE RIVEROS <a href=\"https:\/\/www.instagram.com\/p\/C95_9k5Pm-q\/\">https:\/\/www.instagram.com\/p\/C95_9k5Pm-q\/<\/a><\/p>\n\n\n\n<p>Proyecto \u00ab\u00bfTe lavaste las manos hoy?\u00bb <a href=\"https:\/\/www.instagram.com\/p\/C96AUFuvtMl\/\">https:\/\/www.instagram.com\/p\/C96AUFuvtMl\/<\/a><\/p>\n\n\n\n<p>Proyecto \u00abDesenchufate de los residuos electr\u00f3nicos\u00bb <a href=\"https:\/\/www.instagram.com\/p\/C96ArR1PQ25\/\">https:\/\/www.instagram.com\/p\/C96ArR1PQ25\/<\/a><\/p>\n\n\n\n<p>Proyecto \u00abCAPILLA DE TEGUA, del conocimiento a la preservaci\u00f3n\u00bb <a href=\"https:\/\/www.instagram.com\/p\/C96BFAbvW9J\/\">https:\/\/www.instagram.com\/p\/C96BFAbvW9J\/<\/a><\/p>\n\n\n\n<p>Proyecto \u00abDesaf\u00edos y estrategias en la ense\u00f1anza de las ciencias en la escuela primaria\u00bb <a href=\"https:\/\/www.instagram.com\/p\/C-DzN78PQTK\/\">https:\/\/www.instagram.com\/p\/C-DzN78PQTK\/<\/a><\/p>\n\n\n\n<p>Proyecto \u00abCreando conciencia sobre RCP\u00bb &#8211; Mira todos las im\u00e1genes de lo que fue la Feria ac\u00e1: <a href=\"https:\/\/www.instagram.com\/p\/C-La62WPHSs\/\">https:\/\/www.instagram.com\/p\/C-La62WPHSs\/<\/a><\/p>\n\n\n\n<div class=\"wp-block-columns is-layout-flex wp-container-3\">\n<div class=\"wp-block-column is-layout-flow\">\n<figure class=\"wp-block-image size-full\"><img decoding=\"async\" loading=\"lazy\" width=\"1440\" height=\"1800\" src=\"https:\/\/ensalcira-cba.infd.edu.ar\/sitio\/wp-content\/uploads\/2024\/09\/453506940_2209102009452257_4516565936567617373_n.jpg\" alt=\"\" class=\"wp-image-3374\" srcset=\"https:\/\/ensalcira-cba.infd.edu.ar\/sitio\/wp-content\/uploads\/2024\/09\/453506940_2209102009452257_4516565936567617373_n.jpg 1440w, https:\/\/ensalcira-cba.infd.edu.ar\/sitio\/wp-content\/uploads\/2024\/09\/453506940_2209102009452257_4516565936567617373_n-800x1000.jpg 800w, https:\/\/ensalcira-cba.infd.edu.ar\/sitio\/wp-content\/uploads\/2024\/09\/453506940_2209102009452257_4516565936567617373_n-768x960.jpg 768w, https:\/\/ensalcira-cba.infd.edu.ar\/sitio\/wp-content\/uploads\/2024\/09\/453506940_2209102009452257_4516565936567617373_n-1229x1536.jpg 1229w\" sizes=\"(max-width: 1440px) 100vw, 1440px\" \/><\/figure>\n<\/div>\n\n\n\n<div class=\"wp-block-column is-layout-flow\">\n<figure class=\"wp-block-image size-full\"><img decoding=\"async\" loading=\"lazy\" width=\"1440\" height=\"1800\" src=\"https:\/\/ensalcira-cba.infd.edu.ar\/sitio\/wp-content\/uploads\/2024\/09\/453735978_2209109242784867_7257889024976207296_n.jpg\" alt=\"\" class=\"wp-image-3375\" srcset=\"https:\/\/ensalcira-cba.infd.edu.ar\/sitio\/wp-content\/uploads\/2024\/09\/453735978_2209109242784867_7257889024976207296_n.jpg 1440w, https:\/\/ensalcira-cba.infd.edu.ar\/sitio\/wp-content\/uploads\/2024\/09\/453735978_2209109242784867_7257889024976207296_n-800x1000.jpg 800w, https:\/\/ensalcira-cba.infd.edu.ar\/sitio\/wp-content\/uploads\/2024\/09\/453735978_2209109242784867_7257889024976207296_n-768x960.jpg 768w, https:\/\/ensalcira-cba.infd.edu.ar\/sitio\/wp-content\/uploads\/2024\/09\/453735978_2209109242784867_7257889024976207296_n-1229x1536.jpg 1229w\" sizes=\"(max-width: 1440px) 100vw, 1440px\" \/><\/figure>\n<\/div>\n<\/div>\n\n\n\n<div class=\"wp-block-columns is-layout-flex wp-container-6\">\n<div class=\"wp-block-column is-layout-flow\">\n<figure class=\"wp-block-image size-full\"><img decoding=\"async\" loading=\"lazy\" width=\"1440\" height=\"1800\" src=\"https:\/\/ensalcira-cba.infd.edu.ar\/sitio\/wp-content\/uploads\/2024\/09\/453628031_2209109222784869_6721382454321640103_n.jpg\" alt=\"\" class=\"wp-image-3376\" srcset=\"https:\/\/ensalcira-cba.infd.edu.ar\/sitio\/wp-content\/uploads\/2024\/09\/453628031_2209109222784869_6721382454321640103_n.jpg 1440w, https:\/\/ensalcira-cba.infd.edu.ar\/sitio\/wp-content\/uploads\/2024\/09\/453628031_2209109222784869_6721382454321640103_n-800x1000.jpg 800w, https:\/\/ensalcira-cba.infd.edu.ar\/sitio\/wp-content\/uploads\/2024\/09\/453628031_2209109222784869_6721382454321640103_n-768x960.jpg 768w, https:\/\/ensalcira-cba.infd.edu.ar\/sitio\/wp-content\/uploads\/2024\/09\/453628031_2209109222784869_6721382454321640103_n-1229x1536.jpg 1229w\" sizes=\"(max-width: 1440px) 100vw, 1440px\" \/><\/figure>\n<\/div>\n\n\n\n<div class=\"wp-block-column is-layout-flow\">\n<figure class=\"wp-block-image size-full\"><img decoding=\"async\" loading=\"lazy\" width=\"1440\" height=\"1800\" src=\"https:\/\/ensalcira-cba.infd.edu.ar\/sitio\/wp-content\/uploads\/2024\/09\/453738454_2209102056118919_1845630334469943289_n.jpg\" alt=\"\" class=\"wp-image-3377\" srcset=\"https:\/\/ensalcira-cba.infd.edu.ar\/sitio\/wp-content\/uploads\/2024\/09\/453738454_2209102056118919_1845630334469943289_n.jpg 1440w, https:\/\/ensalcira-cba.infd.edu.ar\/sitio\/wp-content\/uploads\/2024\/09\/453738454_2209102056118919_1845630334469943289_n-800x1000.jpg 800w, https:\/\/ensalcira-cba.infd.edu.ar\/sitio\/wp-content\/uploads\/2024\/09\/453738454_2209102056118919_1845630334469943289_n-768x960.jpg 768w, https:\/\/ensalcira-cba.infd.edu.ar\/sitio\/wp-content\/uploads\/2024\/09\/453738454_2209102056118919_1845630334469943289_n-1229x1536.jpg 1229w\" sizes=\"(max-width: 1440px) 100vw, 1440px\" \/><\/figure>\n<\/div>\n<\/div>\n\n\n\n<p><\/p>\n\n\n\n<div class=\"wp-block-columns is-layout-flex wp-container-9\">\n<div class=\"wp-block-column is-layout-flow\">\n<figure class=\"wp-block-image size-full\"><img decoding=\"async\" loading=\"lazy\" width=\"1440\" height=\"1800\" src=\"https:\/\/ensalcira-cba.infd.edu.ar\/sitio\/wp-content\/uploads\/2024\/09\/453769493_2209109232784868_7694329169447984694_n.jpg\" alt=\"\" class=\"wp-image-3378\" srcset=\"https:\/\/ensalcira-cba.infd.edu.ar\/sitio\/wp-content\/uploads\/2024\/09\/453769493_2209109232784868_7694329169447984694_n.jpg 1440w, https:\/\/ensalcira-cba.infd.edu.ar\/sitio\/wp-content\/uploads\/2024\/09\/453769493_2209109232784868_7694329169447984694_n-800x1000.jpg 800w, https:\/\/ensalcira-cba.infd.edu.ar\/sitio\/wp-content\/uploads\/2024\/09\/453769493_2209109232784868_7694329169447984694_n-768x960.jpg 768w, https:\/\/ensalcira-cba.infd.edu.ar\/sitio\/wp-content\/uploads\/2024\/09\/453769493_2209109232784868_7694329169447984694_n-1229x1536.jpg 1229w\" sizes=\"(max-width: 1440px) 100vw, 1440px\" \/><\/figure>\n<\/div>\n\n\n\n<div class=\"wp-block-column is-layout-flow\">\n<figure class=\"wp-block-image size-full\"><img decoding=\"async\" loading=\"lazy\" width=\"1440\" height=\"1800\" src=\"https:\/\/ensalcira-cba.infd.edu.ar\/sitio\/wp-content\/uploads\/2024\/09\/453924464_2209109219451536_554164027141632155_n.jpg\" alt=\"\" class=\"wp-image-3379\" srcset=\"https:\/\/ensalcira-cba.infd.edu.ar\/sitio\/wp-content\/uploads\/2024\/09\/453924464_2209109219451536_554164027141632155_n.jpg 1440w, https:\/\/ensalcira-cba.infd.edu.ar\/sitio\/wp-content\/uploads\/2024\/09\/453924464_2209109219451536_554164027141632155_n-800x1000.jpg 800w, https:\/\/ensalcira-cba.infd.edu.ar\/sitio\/wp-content\/uploads\/2024\/09\/453924464_2209109219451536_554164027141632155_n-768x960.jpg 768w, https:\/\/ensalcira-cba.infd.edu.ar\/sitio\/wp-content\/uploads\/2024\/09\/453924464_2209109219451536_554164027141632155_n-1229x1536.jpg 1229w\" sizes=\"(max-width: 1440px) 100vw, 1440px\" \/><\/figure>\n<\/div>\n<\/div>\n","protected":false},"excerpt":{"rendered":"<p>El d\u00eda 02 de Agosto del corriente se llev\u00f3 a cabo la 56\u00b0 Feria de Ciencias, Tecnolog\u00edas, Artes e Innovaci\u00f3n. De la misma participaron estudiantes de todos los cursos de Nivel Secundario, del Profesorado de Educaci\u00f3n Primaria y de la Tecnicatura Superior en Higiene y Seguridad en el Trabajo con interesantes Proyectos acompa\u00f1ados por docentes &#8230; <a title=\"Feria de Ciencias\" class=\"read-more\" href=\"https:\/\/ensalcira-cba.infd.edu.ar\/sitio\/feria-de-ciencias\/\" aria-label=\"More on Feria de Ciencias\">[+]<\/a><\/p>\n","protected":false},"author":330,"featured_media":0,"parent":0,"menu_order":0,"comment_status":"closed","ping_status":"closed","template":"","meta":[],"acf":[],"_links":{"self":[{"href":"https:\/\/ensalcira-cba.infd.edu.ar\/sitio\/wp-json\/wp\/v2\/pages\/3373"}],"collection":[{"href":"https:\/\/ensalcira-cba.infd.edu.ar\/sitio\/wp-json\/wp\/v2\/pages"}],"about":[{"href":"https:\/\/ensalcira-cba.infd.edu.ar\/sitio\/wp-json\/wp\/v2\/types\/page"}],"author":[{"embeddable":true,"href":"https:\/\/ensalcira-cba.infd.edu.ar\/sitio\/wp-json\/wp\/v2\/users\/330"}],"replies":[{"embeddable":true,"href":"https:\/\/ensalcira-cba.infd.edu.ar\/sitio\/wp-json\/wp\/v2\/comments?post=3373"}],"version-history":[{"count":5,"href":"https:\/\/ensalcira-cba.infd.edu.ar\/sitio\/wp-json\/wp\/v2\/pages\/3373\/revisions"}],"predecessor-version":[{"id":3396,"href":"https:\/\/ensalcira-cba.infd.edu.ar\/sitio\/wp-json\/wp\/v2\/pages\/3373\/revisions\/3396"}],"wp:attachment":[{"href":"https:\/\/ensalcira-cba.infd.edu.ar\/sitio\/wp-json\/wp\/v2\/media?parent=3373"}],"curies":[{"name":"wp","href":"https:\/\/api.w.org\/{rel}","templated":true}]}}