{"id":3363,"date":"2024-09-24T18:13:41","date_gmt":"2024-09-24T21:13:41","guid":{"rendered":"https:\/\/ensalcira-cba.infd.edu.ar\/sitio\/?page_id=3363"},"modified":"2024-09-24T18:13:42","modified_gmt":"2024-09-24T21:13:42","slug":"caracteristicas-de-los-humedales","status":"publish","type":"page","link":"https:\/\/ensalcira-cba.infd.edu.ar\/sitio\/caracteristicas-de-los-humedales\/","title":{"rendered":"Caracter\u00edsticas de los Humedales"},"content":{"rendered":"\n<p>En el marco del proyecto entre ciencias naturales y sociales, las caracter\u00edsticas de los humedales y, particularmente, la Laguna de Riveros, los estudiantes de 5to a\u00f1o realizaron una caminata hacia el sitio de estudio, donde realizaron actividades de observaci\u00f3n y exploraci\u00f3n.<\/p>\n\n\n\n<div class=\"wp-block-columns is-layout-flex wp-container-3\">\n<div class=\"wp-block-column is-layout-flow\">\n<figure class=\"wp-block-image size-full\"><img decoding=\"async\" loading=\"lazy\" width=\"1204\" height=\"1505\" src=\"https:\/\/ensalcira-cba.infd.edu.ar\/sitio\/wp-content\/uploads\/2024\/09\/448995311_2184716151890843_7479333965374391788_n.jpg\" alt=\"\" class=\"wp-image-3365\" srcset=\"https:\/\/ensalcira-cba.infd.edu.ar\/sitio\/wp-content\/uploads\/2024\/09\/448995311_2184716151890843_7479333965374391788_n.jpg 1204w, https:\/\/ensalcira-cba.infd.edu.ar\/sitio\/wp-content\/uploads\/2024\/09\/448995311_2184716151890843_7479333965374391788_n-800x1000.jpg 800w, https:\/\/ensalcira-cba.infd.edu.ar\/sitio\/wp-content\/uploads\/2024\/09\/448995311_2184716151890843_7479333965374391788_n-768x960.jpg 768w\" sizes=\"(max-width: 1204px) 100vw, 1204px\" \/><\/figure>\n<\/div>\n\n\n\n<div class=\"wp-block-column is-layout-flow\">\n<figure class=\"wp-block-image size-full\"><img decoding=\"async\" loading=\"lazy\" width=\"932\" height=\"1165\" src=\"https:\/\/ensalcira-cba.infd.edu.ar\/sitio\/wp-content\/uploads\/2024\/09\/449063141_2184716115224180_5158207577167905470_n.jpg\" alt=\"\" class=\"wp-image-3366\" srcset=\"https:\/\/ensalcira-cba.infd.edu.ar\/sitio\/wp-content\/uploads\/2024\/09\/449063141_2184716115224180_5158207577167905470_n.jpg 932w, https:\/\/ensalcira-cba.infd.edu.ar\/sitio\/wp-content\/uploads\/2024\/09\/449063141_2184716115224180_5158207577167905470_n-800x1000.jpg 800w, https:\/\/ensalcira-cba.infd.edu.ar\/sitio\/wp-content\/uploads\/2024\/09\/449063141_2184716115224180_5158207577167905470_n-768x960.jpg 768w\" sizes=\"(max-width: 932px) 100vw, 932px\" \/><\/figure>\n<\/div>\n<\/div>\n\n\n\n<div class=\"wp-block-columns is-layout-flex wp-container-6\">\n<div class=\"wp-block-column is-layout-flow\">\n<figure class=\"wp-block-image size-full\"><img decoding=\"async\" loading=\"lazy\" width=\"1204\" height=\"1505\" src=\"https:\/\/ensalcira-cba.infd.edu.ar\/sitio\/wp-content\/uploads\/2024\/09\/449311650_2184716148557510_2534068504080462170_n.jpg\" alt=\"\" class=\"wp-image-3367\" srcset=\"https:\/\/ensalcira-cba.infd.edu.ar\/sitio\/wp-content\/uploads\/2024\/09\/449311650_2184716148557510_2534068504080462170_n.jpg 1204w, https:\/\/ensalcira-cba.infd.edu.ar\/sitio\/wp-content\/uploads\/2024\/09\/449311650_2184716148557510_2534068504080462170_n-800x1000.jpg 800w, https:\/\/ensalcira-cba.infd.edu.ar\/sitio\/wp-content\/uploads\/2024\/09\/449311650_2184716148557510_2534068504080462170_n-768x960.jpg 768w\" sizes=\"(max-width: 1204px) 100vw, 1204px\" \/><\/figure>\n<\/div>\n\n\n\n<div class=\"wp-block-column is-layout-flow\">\n<figure class=\"wp-block-image size-full\"><img decoding=\"async\" loading=\"lazy\" width=\"1200\" height=\"1500\" src=\"https:\/\/ensalcira-cba.infd.edu.ar\/sitio\/wp-content\/uploads\/2024\/09\/449333100_2184716118557513_2301307877992537512_n.jpg\" alt=\"\" class=\"wp-image-3368\" srcset=\"https:\/\/ensalcira-cba.infd.edu.ar\/sitio\/wp-content\/uploads\/2024\/09\/449333100_2184716118557513_2301307877992537512_n.jpg 1200w, https:\/\/ensalcira-cba.infd.edu.ar\/sitio\/wp-content\/uploads\/2024\/09\/449333100_2184716118557513_2301307877992537512_n-800x1000.jpg 800w, https:\/\/ensalcira-cba.infd.edu.ar\/sitio\/wp-content\/uploads\/2024\/09\/449333100_2184716118557513_2301307877992537512_n-768x960.jpg 768w\" sizes=\"(max-width: 1200px) 100vw, 1200px\" \/><\/figure>\n<\/div>\n<\/div>\n\n\n\n<div class=\"wp-block-columns is-layout-flex wp-container-9\">\n<div class=\"wp-block-column is-layout-flow\">\n<figure class=\"wp-block-image size-full\"><img decoding=\"async\" loading=\"lazy\" width=\"1204\" height=\"1505\" src=\"https:\/\/ensalcira-cba.infd.edu.ar\/sitio\/wp-content\/uploads\/2024\/09\/449439507_2184716145224177_6382963853987515076_n.jpg\" alt=\"\" class=\"wp-image-3369\" srcset=\"https:\/\/ensalcira-cba.infd.edu.ar\/sitio\/wp-content\/uploads\/2024\/09\/449439507_2184716145224177_6382963853987515076_n.jpg 1204w, https:\/\/ensalcira-cba.infd.edu.ar\/sitio\/wp-content\/uploads\/2024\/09\/449439507_2184716145224177_6382963853987515076_n-800x1000.jpg 800w, https:\/\/ensalcira-cba.infd.edu.ar\/sitio\/wp-content\/uploads\/2024\/09\/449439507_2184716145224177_6382963853987515076_n-768x960.jpg 768w\" sizes=\"(max-width: 1204px) 100vw, 1204px\" \/><\/figure>\n<\/div>\n\n\n\n<div class=\"wp-block-column is-layout-flow\"><\/div>\n<\/div>\n","protected":false},"excerpt":{"rendered":"<p>En el marco del proyecto entre ciencias naturales y sociales, las caracter\u00edsticas de los humedales y, particularmente, la Laguna de Riveros, los estudiantes de 5to a\u00f1o realizaron una caminata hacia el sitio de estudio, donde realizaron actividades de observaci\u00f3n y exploraci\u00f3n.<\/p>\n","protected":false},"author":330,"featured_media":0,"parent":0,"menu_order":0,"comment_status":"closed","ping_status":"closed","template":"","meta":[],"acf":[],"_links":{"self":[{"href":"https:\/\/ensalcira-cba.infd.edu.ar\/sitio\/wp-json\/wp\/v2\/pages\/3363"}],"collection":[{"href":"https:\/\/ensalcira-cba.infd.edu.ar\/sitio\/wp-json\/wp\/v2\/pages"}],"about":[{"href":"https:\/\/ensalcira-cba.infd.edu.ar\/sitio\/wp-json\/wp\/v2\/types\/page"}],"author":[{"embeddable":true,"href":"https:\/\/ensalcira-cba.infd.edu.ar\/sitio\/wp-json\/wp\/v2\/users\/330"}],"replies":[{"embeddable":true,"href":"https:\/\/ensalcira-cba.infd.edu.ar\/sitio\/wp-json\/wp\/v2\/comments?post=3363"}],"version-history":[{"count":1,"href":"https:\/\/ensalcira-cba.infd.edu.ar\/sitio\/wp-json\/wp\/v2\/pages\/3363\/revisions"}],"predecessor-version":[{"id":3371,"href":"https:\/\/ensalcira-cba.infd.edu.ar\/sitio\/wp-json\/wp\/v2\/pages\/3363\/revisions\/3371"}],"wp:attachment":[{"href":"https:\/\/ensalcira-cba.infd.edu.ar\/sitio\/wp-json\/wp\/v2\/media?parent=3363"}],"curies":[{"name":"wp","href":"https:\/\/api.w.org\/{rel}","templated":true}]}}

Características de los Humedales

<p>En el marco del proyecto entre ciencias naturales y sociales, las características de los humedales y, particularmente, la Laguna de Riveros, los estudiantes de 5to año realizaron una caminata hacia el sitio de estudio, donde realizaron actividades de observación y exploración.</p>



<div class="wp-block-columns is-layout-flex wp-container-3">
<div class="wp-block-column is-layout-flow">
<figure class="wp-block-image size-full"><img decoding="async" loading="lazy" width="1204" height="1505" src="https://ensalcira-cba.infd.edu.ar/sitio/wp-content/uploads/2024/09/448995311_2184716151890843_7479333965374391788_n.jpg" alt="" class="wp-image-3365" srcset="https://ensalcira-cba.infd.edu.ar/sitio/wp-content/uploads/2024/09/448995311_2184716151890843_7479333965374391788_n.jpg 1204w, https://ensalcira-cba.infd.edu.ar/sitio/wp-content/uploads/2024/09/448995311_2184716151890843_7479333965374391788_n-800x1000.jpg 800w, https://ensalcira-cba.infd.edu.ar/sitio/wp-content/uploads/2024/09/448995311_2184716151890843_7479333965374391788_n-768x960.jpg 768w" sizes="(max-width: 1204px) 100vw, 1204px" /></figure>
</div>



<div class="wp-block-column is-layout-flow">
<figure class="wp-block-image size-full"><img decoding="async" loading="lazy" width="932" height="1165" src="https://ensalcira-cba.infd.edu.ar/sitio/wp-content/uploads/2024/09/449063141_2184716115224180_5158207577167905470_n.jpg" alt="" class="wp-image-3366" srcset="https://ensalcira-cba.infd.edu.ar/sitio/wp-content/uploads/2024/09/449063141_2184716115224180_5158207577167905470_n.jpg 932w, https://ensalcira-cba.infd.edu.ar/sitio/wp-content/uploads/2024/09/449063141_2184716115224180_5158207577167905470_n-800x1000.jpg 800w, https://ensalcira-cba.infd.edu.ar/sitio/wp-content/uploads/2024/09/449063141_2184716115224180_5158207577167905470_n-768x960.jpg 768w" sizes="(max-width: 932px) 100vw, 932px" /></figure>
</div>
</div>



<div class="wp-block-columns is-layout-flex wp-container-6">
<div class="wp-block-column is-layout-flow">
<figure class="wp-block-image size-full"><img decoding="async" loading="lazy" width="1204" height="1505" src="https://ensalcira-cba.infd.edu.ar/sitio/wp-content/uploads/2024/09/449311650_2184716148557510_2534068504080462170_n.jpg" alt="" class="wp-image-3367" srcset="https://ensalcira-cba.infd.edu.ar/sitio/wp-content/uploads/2024/09/449311650_2184716148557510_2534068504080462170_n.jpg 1204w, https://ensalcira-cba.infd.edu.ar/sitio/wp-content/uploads/2024/09/449311650_2184716148557510_2534068504080462170_n-800x1000.jpg 800w, https://ensalcira-cba.infd.edu.ar/sitio/wp-content/uploads/2024/09/449311650_2184716148557510_2534068504080462170_n-768x960.jpg 768w" sizes="(max-width: 1204px) 100vw, 1204px" /></figure>
</div>



<div class="wp-block-column is-layout-flow">
<figure class="wp-block-image size-full"><img decoding="async" loading="lazy" width="1200" height="1500" src="https://ensalcira-cba.infd.edu.ar/sitio/wp-content/uploads/2024/09/449333100_2184716118557513_2301307877992537512_n.jpg" alt="" class="wp-image-3368" srcset="https://ensalcira-cba.infd.edu.ar/sitio/wp-content/uploads/2024/09/449333100_2184716118557513_2301307877992537512_n.jpg 1200w, https://ensalcira-cba.infd.edu.ar/sitio/wp-content/uploads/2024/09/449333100_2184716118557513_2301307877992537512_n-800x1000.jpg 800w, https://ensalcira-cba.infd.edu.ar/sitio/wp-content/uploads/2024/09/449333100_2184716118557513_2301307877992537512_n-768x960.jpg 768w" sizes="(max-width: 1200px) 100vw, 1200px" /></figure>
</div>
</div>



<div class="wp-block-columns is-layout-flex wp-container-9">
<div class="wp-block-column is-layout-flow">
<figure class="wp-block-image size-full"><img decoding="async" loading="lazy" width="1204" height="1505" src="https://ensalcira-cba.infd.edu.ar/sitio/wp-content/uploads/2024/09/449439507_2184716145224177_6382963853987515076_n.jpg" alt="" class="wp-image-3369" srcset="https://ensalcira-cba.infd.edu.ar/sitio/wp-content/uploads/2024/09/449439507_2184716145224177_6382963853987515076_n.jpg 1204w, https://ensalcira-cba.infd.edu.ar/sitio/wp-content/uploads/2024/09/449439507_2184716145224177_6382963853987515076_n-800x1000.jpg 800w, https://ensalcira-cba.infd.edu.ar/sitio/wp-content/uploads/2024/09/449439507_2184716145224177_6382963853987515076_n-768x960.jpg 768w" sizes="(max-width: 1204px) 100vw, 1204px" /></figure>
</div>



<div class="wp-block-column is-layout-flow"></div>
</div>

<p>En el marco del proyecto entre ciencias naturales y sociales, las características de los humedales y, particularmente, la Laguna de Riveros, los estudiantes de 5to año realizaron una caminata hacia el sitio de estudio, donde realizaron actividades de observación y exploración.</p>
