{"id":3328,"date":"2024-09-24T16:39:24","date_gmt":"2024-09-24T19:39:24","guid":{"rendered":"https:\/\/ensalcira-cba.infd.edu.ar\/sitio\/?page_id=3328"},"modified":"2024-09-24T17:07:41","modified_gmt":"2024-09-24T20:07:41","slug":"parlamento-juvenil-del-mercosur-2024","status":"publish","type":"page","link":"https:\/\/ensalcira-cba.infd.edu.ar\/sitio\/parlamento-juvenil-del-mercosur-2024\/","title":{"rendered":"Parlamento Juvenil del Mercosur 2024"},"content":{"rendered":"\n<p>Se realiz\u00f3 la instancia Institucional del Parlamento Juvenil del Mercosur , se debati\u00f3 sobre Ambiente, ESI ( poniendo foco en Responsabilidad Afectiva) , Derechos Humanos y Comunicaci\u00f3n, Medios y J\u00f3venes . Luego se expusieron los ejes\u00a0 trabajados y se eligieron democr\u00e1ticamente a dos estudiantes. Siendo electas\u00a0 Agostina Cardile de cuarto a\u00f1o, Josefina Gordillo de quinto y Milena Rivero como suplente. Ellas nos representar\u00e1n en la instancia regional el pr\u00f3ximo 26 de Junio en la ciudad de R\u00edo Cuarto .<\/p>\n\n\n\n<div class=\"wp-block-columns is-layout-flex wp-container-3\">\n<div class=\"wp-block-column is-layout-flow\">\n<figure class=\"wp-block-image size-full\"><img decoding=\"async\" loading=\"lazy\" width=\"1200\" height=\"1200\" src=\"https:\/\/ensalcira-cba.infd.edu.ar\/sitio\/wp-content\/uploads\/2024\/09\/1.jpg\" alt=\"\" class=\"wp-image-3329\" srcset=\"https:\/\/ensalcira-cba.infd.edu.ar\/sitio\/wp-content\/uploads\/2024\/09\/1.jpg 1200w, https:\/\/ensalcira-cba.infd.edu.ar\/sitio\/wp-content\/uploads\/2024\/09\/1-1000x1000.jpg 1000w, https:\/\/ensalcira-cba.infd.edu.ar\/sitio\/wp-content\/uploads\/2024\/09\/1-500x500.jpg 500w, https:\/\/ensalcira-cba.infd.edu.ar\/sitio\/wp-content\/uploads\/2024\/09\/1-768x768.jpg 768w\" sizes=\"(max-width: 1200px) 100vw, 1200px\" \/><\/figure>\n<\/div>\n\n\n\n<div class=\"wp-block-column is-layout-flow\">\n<figure class=\"wp-block-image size-full\"><img decoding=\"async\" loading=\"lazy\" width=\"720\" height=\"720\" src=\"https:\/\/ensalcira-cba.infd.edu.ar\/sitio\/wp-content\/uploads\/2024\/09\/447740253_2172947029734422_127865823989323346_n.jpg\" alt=\"\" class=\"wp-image-3330\" srcset=\"https:\/\/ensalcira-cba.infd.edu.ar\/sitio\/wp-content\/uploads\/2024\/09\/447740253_2172947029734422_127865823989323346_n.jpg 720w, https:\/\/ensalcira-cba.infd.edu.ar\/sitio\/wp-content\/uploads\/2024\/09\/447740253_2172947029734422_127865823989323346_n-500x500.jpg 500w\" sizes=\"(max-width: 720px) 100vw, 720px\" \/><\/figure>\n<\/div>\n<\/div>\n\n\n\n<div class=\"wp-block-columns is-layout-flex wp-container-6\">\n<div class=\"wp-block-column is-layout-flow\">\n<figure class=\"wp-block-image size-full\"><img decoding=\"async\" loading=\"lazy\" width=\"802\" height=\"802\" src=\"https:\/\/ensalcira-cba.infd.edu.ar\/sitio\/wp-content\/uploads\/2024\/09\/447829619_2172947033067755_6866963771334998000_n.jpg\" alt=\"\" class=\"wp-image-3331\" srcset=\"https:\/\/ensalcira-cba.infd.edu.ar\/sitio\/wp-content\/uploads\/2024\/09\/447829619_2172947033067755_6866963771334998000_n.jpg 802w, https:\/\/ensalcira-cba.infd.edu.ar\/sitio\/wp-content\/uploads\/2024\/09\/447829619_2172947033067755_6866963771334998000_n-500x500.jpg 500w, https:\/\/ensalcira-cba.infd.edu.ar\/sitio\/wp-content\/uploads\/2024\/09\/447829619_2172947033067755_6866963771334998000_n-768x768.jpg 768w\" sizes=\"(max-width: 802px) 100vw, 802px\" \/><\/figure>\n<\/div>\n\n\n\n<div class=\"wp-block-column is-layout-flow\">\n<figure class=\"wp-block-image size-full\"><img decoding=\"async\" loading=\"lazy\" width=\"1200\" height=\"1200\" src=\"https:\/\/ensalcira-cba.infd.edu.ar\/sitio\/wp-content\/uploads\/2024\/09\/447849617_2172947036401088_1980471787674785710_n.jpg\" alt=\"\" class=\"wp-image-3332\" srcset=\"https:\/\/ensalcira-cba.infd.edu.ar\/sitio\/wp-content\/uploads\/2024\/09\/447849617_2172947036401088_1980471787674785710_n.jpg 1200w, https:\/\/ensalcira-cba.infd.edu.ar\/sitio\/wp-content\/uploads\/2024\/09\/447849617_2172947036401088_1980471787674785710_n-1000x1000.jpg 1000w, https:\/\/ensalcira-cba.infd.edu.ar\/sitio\/wp-content\/uploads\/2024\/09\/447849617_2172947036401088_1980471787674785710_n-500x500.jpg 500w, https:\/\/ensalcira-cba.infd.edu.ar\/sitio\/wp-content\/uploads\/2024\/09\/447849617_2172947036401088_1980471787674785710_n-768x768.jpg 768w\" sizes=\"(max-width: 1200px) 100vw, 1200px\" \/><\/figure>\n<\/div>\n<\/div>\n\n\n\n<p>Las estudiantes Agostina Cardile y Milena Rivero junto a la Profesora Ana Luz Meneguzzi participaron del Encuentro Regional del Parlamento Juvenil del Mercosur.<\/p>\n\n\n\n<div class=\"wp-block-columns is-layout-flex wp-container-9\">\n<div class=\"wp-block-column is-layout-flow\">\n<figure class=\"wp-block-image size-full\"><img decoding=\"async\" loading=\"lazy\" width=\"1440\" height=\"1080\" src=\"https:\/\/ensalcira-cba.infd.edu.ar\/sitio\/wp-content\/uploads\/2024\/09\/449112081_2183432598685865_265987077527234731_n-1.jpg\" alt=\"\" class=\"wp-image-3356\" srcset=\"https:\/\/ensalcira-cba.infd.edu.ar\/sitio\/wp-content\/uploads\/2024\/09\/449112081_2183432598685865_265987077527234731_n-1.jpg 1440w, https:\/\/ensalcira-cba.infd.edu.ar\/sitio\/wp-content\/uploads\/2024\/09\/449112081_2183432598685865_265987077527234731_n-1-1000x750.jpg 1000w, https:\/\/ensalcira-cba.infd.edu.ar\/sitio\/wp-content\/uploads\/2024\/09\/449112081_2183432598685865_265987077527234731_n-1-768x576.jpg 768w\" sizes=\"(max-width: 1440px) 100vw, 1440px\" \/><\/figure>\n<\/div>\n\n\n\n<div class=\"wp-block-column is-layout-flow\">\n<figure class=\"wp-block-image size-full\"><img decoding=\"async\" loading=\"lazy\" width=\"1440\" height=\"1080\" src=\"https:\/\/ensalcira-cba.infd.edu.ar\/sitio\/wp-content\/uploads\/2024\/09\/449338355_2183432638685861_6325641941132387029_n.jpg\" alt=\"\" class=\"wp-image-3357\" srcset=\"https:\/\/ensalcira-cba.infd.edu.ar\/sitio\/wp-content\/uploads\/2024\/09\/449338355_2183432638685861_6325641941132387029_n.jpg 1440w, https:\/\/ensalcira-cba.infd.edu.ar\/sitio\/wp-content\/uploads\/2024\/09\/449338355_2183432638685861_6325641941132387029_n-1000x750.jpg 1000w, https:\/\/ensalcira-cba.infd.edu.ar\/sitio\/wp-content\/uploads\/2024\/09\/449338355_2183432638685861_6325641941132387029_n-768x576.jpg 768w\" sizes=\"(max-width: 1440px) 100vw, 1440px\" \/><\/figure>\n<\/div>\n<\/div>\n\n\n\n<div class=\"wp-block-columns is-layout-flex wp-container-12\">\n<div class=\"wp-block-column is-layout-flow\">\n<figure class=\"wp-block-image size-full\"><img decoding=\"async\" loading=\"lazy\" width=\"1280\" height=\"960\" src=\"https:\/\/ensalcira-cba.infd.edu.ar\/sitio\/wp-content\/uploads\/2024\/09\/449397459_2183432635352528_7857327316589569516_n.jpg\" alt=\"\" class=\"wp-image-3358\" srcset=\"https:\/\/ensalcira-cba.infd.edu.ar\/sitio\/wp-content\/uploads\/2024\/09\/449397459_2183432635352528_7857327316589569516_n.jpg 1280w, https:\/\/ensalcira-cba.infd.edu.ar\/sitio\/wp-content\/uploads\/2024\/09\/449397459_2183432635352528_7857327316589569516_n-1000x750.jpg 1000w, https:\/\/ensalcira-cba.infd.edu.ar\/sitio\/wp-content\/uploads\/2024\/09\/449397459_2183432635352528_7857327316589569516_n-768x576.jpg 768w\" sizes=\"(max-width: 1280px) 100vw, 1280px\" \/><\/figure>\n<\/div>\n\n\n\n<div class=\"wp-block-column is-layout-flow\">\n<figure class=\"wp-block-image size-full\"><img decoding=\"async\" loading=\"lazy\" width=\"1280\" height=\"960\" src=\"https:\/\/ensalcira-cba.infd.edu.ar\/sitio\/wp-content\/uploads\/2024\/09\/448577381_2183432648685860_2917036371985710668_n.jpg\" alt=\"\" class=\"wp-image-3359\" srcset=\"https:\/\/ensalcira-cba.infd.edu.ar\/sitio\/wp-content\/uploads\/2024\/09\/448577381_2183432648685860_2917036371985710668_n.jpg 1280w, https:\/\/ensalcira-cba.infd.edu.ar\/sitio\/wp-content\/uploads\/2024\/09\/448577381_2183432648685860_2917036371985710668_n-1000x750.jpg 1000w, https:\/\/ensalcira-cba.infd.edu.ar\/sitio\/wp-content\/uploads\/2024\/09\/448577381_2183432648685860_2917036371985710668_n-768x576.jpg 768w\" sizes=\"(max-width: 1280px) 100vw, 1280px\" \/><\/figure>\n<\/div>\n<\/div>\n","protected":false},"excerpt":{"rendered":"<p>Se realiz\u00f3 la instancia Institucional del Parlamento Juvenil del Mercosur , se debati\u00f3 sobre Ambiente, ESI ( poniendo foco en Responsabilidad Afectiva) , Derechos Humanos y Comunicaci\u00f3n, Medios y J\u00f3venes . Luego se expusieron los ejes\u00a0 trabajados y se eligieron democr\u00e1ticamente a dos estudiantes. Siendo electas\u00a0 Agostina Cardile de cuarto a\u00f1o, Josefina Gordillo de quinto &#8230; <a title=\"Parlamento Juvenil del Mercosur 2024\" class=\"read-more\" href=\"https:\/\/ensalcira-cba.infd.edu.ar\/sitio\/parlamento-juvenil-del-mercosur-2024\/\" aria-label=\"More on Parlamento Juvenil del Mercosur 2024\">[+]<\/a><\/p>\n","protected":false},"author":330,"featured_media":0,"parent":0,"menu_order":0,"comment_status":"closed","ping_status":"closed","template":"","meta":[],"acf":[],"_links":{"self":[{"href":"https:\/\/ensalcira-cba.infd.edu.ar\/sitio\/wp-json\/wp\/v2\/pages\/3328"}],"collection":[{"href":"https:\/\/ensalcira-cba.infd.edu.ar\/sitio\/wp-json\/wp\/v2\/pages"}],"about":[{"href":"https:\/\/ensalcira-cba.infd.edu.ar\/sitio\/wp-json\/wp\/v2\/types\/page"}],"author":[{"embeddable":true,"href":"https:\/\/ensalcira-cba.infd.edu.ar\/sitio\/wp-json\/wp\/v2\/users\/330"}],"replies":[{"embeddable":true,"href":"https:\/\/ensalcira-cba.infd.edu.ar\/sitio\/wp-json\/wp\/v2\/comments?post=3328"}],"version-history":[{"count":3,"href":"https:\/\/ensalcira-cba.infd.edu.ar\/sitio\/wp-json\/wp\/v2\/pages\/3328\/revisions"}],"predecessor-version":[{"id":3362,"href":"https:\/\/ensalcira-cba.infd.edu.ar\/sitio\/wp-json\/wp\/v2\/pages\/3328\/revisions\/3362"}],"wp:attachment":[{"href":"https:\/\/ensalcira-cba.infd.edu.ar\/sitio\/wp-json\/wp\/v2\/media?parent=3328"}],"curies":[{"name":"wp","href":"https:\/\/api.w.org\/{rel}","templated":true}]}}

<p>Se realizó la instancia Institucional del Parlamento Juvenil del Mercosur , se debatió sobre Ambiente, ESI ( poniendo foco en Responsabilidad Afectiva) , Derechos Humanos y Comunicación, Medios y Jóvenes . Luego se expusieron los ejes  trabajados y se eligieron democráticamente a dos estudiantes. Siendo electas  Agostina Cardile de cuarto año, Josefina Gordillo de quinto y Milena Rivero como suplente. Ellas nos representarán en la instancia regional el próximo 26 de Junio en la ciudad de Río Cuarto .</p>



<div class="wp-block-columns is-layout-flex wp-container-3">
<div class="wp-block-column is-layout-flow">
<figure class="wp-block-image size-full"><img decoding="async" loading="lazy" width="1200" height="1200" src="https://ensalcira-cba.infd.edu.ar/sitio/wp-content/uploads/2024/09/1.jpg" alt="" class="wp-image-3329" srcset="https://ensalcira-cba.infd.edu.ar/sitio/wp-content/uploads/2024/09/1.jpg 1200w, https://ensalcira-cba.infd.edu.ar/sitio/wp-content/uploads/2024/09/1-1000x1000.jpg 1000w, https://ensalcira-cba.infd.edu.ar/sitio/wp-content/uploads/2024/09/1-500x500.jpg 500w, https://ensalcira-cba.infd.edu.ar/sitio/wp-content/uploads/2024/09/1-768x768.jpg 768w" sizes="(max-width: 1200px) 100vw, 1200px" /></figure>
</div>



<div class="wp-block-column is-layout-flow">
<figure class="wp-block-image size-full"><img decoding="async" loading="lazy" width="720" height="720" src="https://ensalcira-cba.infd.edu.ar/sitio/wp-content/uploads/2024/09/447740253_2172947029734422_127865823989323346_n.jpg" alt="" class="wp-image-3330" srcset="https://ensalcira-cba.infd.edu.ar/sitio/wp-content/uploads/2024/09/447740253_2172947029734422_127865823989323346_n.jpg 720w, https://ensalcira-cba.infd.edu.ar/sitio/wp-content/uploads/2024/09/447740253_2172947029734422_127865823989323346_n-500x500.jpg 500w" sizes="(max-width: 720px) 100vw, 720px" /></figure>
</div>
</div>



<div class="wp-block-columns is-layout-flex wp-container-6">
<div class="wp-block-column is-layout-flow">
<figure class="wp-block-image size-full"><img decoding="async" loading="lazy" width="802" height="802" src="https://ensalcira-cba.infd.edu.ar/sitio/wp-content/uploads/2024/09/447829619_2172947033067755_6866963771334998000_n.jpg" alt="" class="wp-image-3331" srcset="https://ensalcira-cba.infd.edu.ar/sitio/wp-content/uploads/2024/09/447829619_2172947033067755_6866963771334998000_n.jpg 802w, https://ensalcira-cba.infd.edu.ar/sitio/wp-content/uploads/2024/09/447829619_2172947033067755_6866963771334998000_n-500x500.jpg 500w, https://ensalcira-cba.infd.edu.ar/sitio/wp-content/uploads/2024/09/447829619_2172947033067755_6866963771334998000_n-768x768.jpg 768w" sizes="(max-width: 802px) 100vw, 802px" /></figure>
</div>



<div class="wp-block-column is-layout-flow">
<figure class="wp-block-image size-full"><img decoding="async" loading="lazy" width="1200" height="1200" src="https://ensalcira-cba.infd.edu.ar/sitio/wp-content/uploads/2024/09/447849617_2172947036401088_1980471787674785710_n.jpg" alt="" class="wp-image-3332" srcset="https://ensalcira-cba.infd.edu.ar/sitio/wp-content/uploads/2024/09/447849617_2172947036401088_1980471787674785710_n.jpg 1200w, https://ensalcira-cba.infd.edu.ar/sitio/wp-content/uploads/2024/09/447849617_2172947036401088_1980471787674785710_n-1000x1000.jpg 1000w, https://ensalcira-cba.infd.edu.ar/sitio/wp-content/uploads/2024/09/447849617_2172947036401088_1980471787674785710_n-500x500.jpg 500w, https://ensalcira-cba.infd.edu.ar/sitio/wp-content/uploads/2024/09/447849617_2172947036401088_1980471787674785710_n-768x768.jpg 768w" sizes="(max-width: 1200px) 100vw, 1200px" /></figure>
</div>
</div>



<p>Las estudiantes Agostina Cardile y Milena Rivero junto a la Profesora Ana Luz Meneguzzi participaron del Encuentro Regional del Parlamento Juvenil del Mercosur.</p>



<div class="wp-block-columns is-layout-flex wp-container-9">
<div class="wp-block-column is-layout-flow">
<figure class="wp-block-image size-full"><img decoding="async" loading="lazy" width="1440" height="1080" src="https://ensalcira-cba.infd.edu.ar/sitio/wp-content/uploads/2024/09/449112081_2183432598685865_265987077527234731_n-1.jpg" alt="" class="wp-image-3356" srcset="https://ensalcira-cba.infd.edu.ar/sitio/wp-content/uploads/2024/09/449112081_2183432598685865_265987077527234731_n-1.jpg 1440w, https://ensalcira-cba.infd.edu.ar/sitio/wp-content/uploads/2024/09/449112081_2183432598685865_265987077527234731_n-1-1000x750.jpg 1000w, https://ensalcira-cba.infd.edu.ar/sitio/wp-content/uploads/2024/09/449112081_2183432598685865_265987077527234731_n-1-768x576.jpg 768w" sizes="(max-width: 1440px) 100vw, 1440px" /></figure>
</div>



<div class="wp-block-column is-layout-flow">
<figure class="wp-block-image size-full"><img decoding="async" loading="lazy" width="1440" height="1080" src="https://ensalcira-cba.infd.edu.ar/sitio/wp-content/uploads/2024/09/449338355_2183432638685861_6325641941132387029_n.jpg" alt="" class="wp-image-3357" srcset="https://ensalcira-cba.infd.edu.ar/sitio/wp-content/uploads/2024/09/449338355_2183432638685861_6325641941132387029_n.jpg 1440w, https://ensalcira-cba.infd.edu.ar/sitio/wp-content/uploads/2024/09/449338355_2183432638685861_6325641941132387029_n-1000x750.jpg 1000w, https://ensalcira-cba.infd.edu.ar/sitio/wp-content/uploads/2024/09/449338355_2183432638685861_6325641941132387029_n-768x576.jpg 768w" sizes="(max-width: 1440px) 100vw, 1440px" /></figure>
</div>
</div>



<div class="wp-block-columns is-layout-flex wp-container-12">
<div class="wp-block-column is-layout-flow">
<figure class="wp-block-image size-full"><img decoding="async" loading="lazy" width="1280" height="960" src="https://ensalcira-cba.infd.edu.ar/sitio/wp-content/uploads/2024/09/449397459_2183432635352528_7857327316589569516_n.jpg" alt="" class="wp-image-3358" srcset="https://ensalcira-cba.infd.edu.ar/sitio/wp-content/uploads/2024/09/449397459_2183432635352528_7857327316589569516_n.jpg 1280w, https://ensalcira-cba.infd.edu.ar/sitio/wp-content/uploads/2024/09/449397459_2183432635352528_7857327316589569516_n-1000x750.jpg 1000w, https://ensalcira-cba.infd.edu.ar/sitio/wp-content/uploads/2024/09/449397459_2183432635352528_7857327316589569516_n-768x576.jpg 768w" sizes="(max-width: 1280px) 100vw, 1280px" /></figure>
</div>



<div class="wp-block-column is-layout-flow">
<figure class="wp-block-image size-full"><img decoding="async" loading="lazy" width="1280" height="960" src="https://ensalcira-cba.infd.edu.ar/sitio/wp-content/uploads/2024/09/448577381_2183432648685860_2917036371985710668_n.jpg" alt="" class="wp-image-3359" srcset="https://ensalcira-cba.infd.edu.ar/sitio/wp-content/uploads/2024/09/448577381_2183432648685860_2917036371985710668_n.jpg 1280w, https://ensalcira-cba.infd.edu.ar/sitio/wp-content/uploads/2024/09/448577381_2183432648685860_2917036371985710668_n-1000x750.jpg 1000w, https://ensalcira-cba.infd.edu.ar/sitio/wp-content/uploads/2024/09/448577381_2183432648685860_2917036371985710668_n-768x576.jpg 768w" sizes="(max-width: 1280px) 100vw, 1280px" /></figure>
</div>
</div>

<p>Se realizó la instancia Institucional del Parlamento Juvenil del Mercosur , se debatió sobre Ambiente, ESI ( poniendo foco en Responsabilidad Afectiva) , Derechos Humanos y Comunicación, Medios y Jóvenes . Luego se expusieron los ejes  trabajados y se eligieron democráticamente a dos estudiantes. Siendo electas  Agostina Cardile de cuarto año, Josefina Gordillo de quinto &#8230; <a title="Parlamento Juvenil del Mercosur 2024" class="read-more" href="https://ensalcira-cba.infd.edu.ar/sitio/parlamento-juvenil-del-mercosur-2024/" aria-label="More on Parlamento Juvenil del Mercosur 2024">[+]</a></p>
