{"id":3134,"date":"2022-11-24T15:44:28","date_gmt":"2022-11-24T18:44:28","guid":{"rendered":"https:\/\/ensalcira-cba.infd.edu.ar\/sitio\/?page_id=3134"},"modified":"2022-11-25T16:18:39","modified_gmt":"2022-11-25T19:18:39","slug":"tecnicatura-superior-en-higiene-y-seguridad-en-el-trabajo-cohorte-2023","status":"publish","type":"page","link":"https:\/\/ensalcira-cba.infd.edu.ar\/sitio\/tecnicatura-superior-en-higiene-y-seguridad-en-el-trabajo-cohorte-2023\/","title":{"rendered":"Tecnicatura Superior en Higiene y Seguridad en el Trabajo (cohorte 2023)"},"content":{"rendered":"\n<figure class=\"wp-block-image size-large\"><img decoding=\"async\" loading=\"lazy\" width=\"1279\" height=\"382\" src=\"https:\/\/ensalcira-cba.infd.edu.ar\/sitio\/wp-content\/uploads\/2022\/11\/ESCUELA-NORMAL-flyer.png\" alt=\"\" class=\"wp-image-3166\" srcset=\"https:\/\/ensalcira-cba.infd.edu.ar\/sitio\/wp-content\/uploads\/2022\/11\/ESCUELA-NORMAL-flyer.png 1279w, https:\/\/ensalcira-cba.infd.edu.ar\/sitio\/wp-content\/uploads\/2022\/11\/ESCUELA-NORMAL-flyer-1000x299.png 1000w, https:\/\/ensalcira-cba.infd.edu.ar\/sitio\/wp-content\/uploads\/2022\/11\/ESCUELA-NORMAL-flyer-768x229.png 768w\" sizes=\"(max-width: 1279px) 100vw, 1279px\" \/><\/figure>\n\n\n\n<p><strong>DURACI\u00d3N DE LA CARRERA:<\/strong>&nbsp;2 A\u00f1os y medio<\/p>\n\n\n\n<p><strong>T\u00cdTULO:<\/strong>&nbsp;T\u00e9cnico Superior en Higiene y Seguridad en el Trabajo<\/p>\n\n\n\n<p><strong>HORARIO DE CURSADO:<\/strong>&nbsp;Aprox. De 18:30 hs. a 22:30 hs.<\/p>\n\n\n\n<p><strong>MODALIDAD DE CURSADO:<\/strong>&nbsp;Semipresencial. <\/p>\n\n\n\n<p><strong>CARGA HORARIA:<\/strong>&nbsp;1609 horas RELOJ<\/p>\n\n\n\n<p><strong>R\u00c9GIMEN DE CURSADO:<\/strong>&nbsp;Cuatrimestral<\/p>\n\n\n\n<p><strong>FUNDAMENTACI\u00d3N:<\/strong><\/p>\n\n\n\n<p>La Tecnicatura Superior en Higiene y Seguridad en el Trabajo establece como objetivo principal, formar profesionales comprometidos en su eficaz accionar para reflejar cambios y dar respuestas a las demandas actuales de la sociedad.<\/p>\n\n\n\n<p>El trabajo es considerado una fuente de salud ya que aporta a quien lo realiza una serie de aspectos positivos y favorables, pero tambi\u00e9n puede causar diferentes da\u00f1os a la salud tipo f\u00edsico, ps\u00edquico o emocional seg\u00fan sean las condiciones en el que \u00e9ste se realice.<\/p>\n\n\n\n<p>Para prevenir los da\u00f1os que malas condiciones de trabajo puedan ocasionar a la salud, se crean principios t\u00e9cnicos y \u00e9ticos relativos a la vigilancia de la salud de los mismos, aprobados en leyes para mejorar las condiciones de los trabajadores. <\/p>\n\n\n\n<p>Es importante formar t\u00e9cnicos especializados en la higiene y seguridad en el trabajo, que permita proteger y controlar el bienestar f\u00edsico, mental y social de los trabajadores en cuanto a enfermedades como tambi\u00e9n de los accidentes laborales.<\/p>\n\n\n\n<p><strong>OBJETIVOS:<\/strong><\/p>\n\n\n\n<ul><li>Formar profesionales t\u00e9cnicos superiores que se inserten en el mercado laboral capaces de prevenir y controlar los riesgos derivados del trabajo, aplicando medidas y desarrollando las actividades necesarias para la prevenci\u00f3n de accidentes de trabajo o enfermedades profesionales asegurando la integridad psicof\u00edsica de los trabajadores y del medio ambiente en el trabajo.<\/li><li>Formar profesionales con conocimientos t\u00e9cnicos y legales capaces de resolver problemas relacionados con el diagn\u00f3stico y la prevenci\u00f3n de enfermedades ocupacionales a partir del estudio y control de dos variables: el hombre y su ambiente de trabajo.<\/li><\/ul>\n\n\n\n<p><strong>REQUISITOS DE INGRESO:<\/strong><\/p>\n\n\n\n<p>Haber concluido los estudios de nivel secundario en cualquiera de sus especialidades o estar comprendido en las Resoluciones N\u00b025\/02, N\u00b0 412\/10 del Ministerio de Educaci\u00f3n de la Provincia de C\u00f3rdoba y aquellas que las modifiquen o reemplacen.<\/p>\n\n\n\n<div class=\"wp-block-file\"><a href=\"https:\/\/ensalcira-cba.infd.edu.ar\/sitio\/wp-content\/uploads\/2022\/11\/Plan-de-Estudio-Tecnicatura-Superior-en-Higiene-y-Seguridad-en-el-Trabajo.pdf\">Plan-de-Estudio-Tecnicatura-Superior-en-Higiene-y-Seguridad-en-el-Trabajo<\/a><a href=\"https:\/\/ensalcira-cba.infd.edu.ar\/sitio\/wp-content\/uploads\/2022\/11\/Plan-de-Estudio-Tecnicatura-Superior-en-Higiene-y-Seguridad-en-el-Trabajo.pdf\" class=\"wp-block-file__button\" download>Descarga<\/a><\/div>\n\n\n\n<p><\/p>\n","protected":false},"excerpt":{"rendered":"<p>DURACI\u00d3N DE LA CARRERA:&nbsp;2 A\u00f1os y medio T\u00cdTULO:&nbsp;T\u00e9cnico Superior en Higiene y Seguridad en el Trabajo HORARIO DE CURSADO:&nbsp;Aprox. De 18:30 hs. a 22:30 hs. MODALIDAD DE CURSADO:&nbsp;Semipresencial. CARGA HORARIA:&nbsp;1609 horas RELOJ R\u00c9GIMEN DE CURSADO:&nbsp;Cuatrimestral FUNDAMENTACI\u00d3N: La Tecnicatura Superior en Higiene y Seguridad en el Trabajo establece como objetivo principal, formar profesionales comprometidos en su &#8230; <a title=\"Tecnicatura Superior en Higiene y Seguridad en el Trabajo (cohorte 2023)\" class=\"read-more\" href=\"https:\/\/ensalcira-cba.infd.edu.ar\/sitio\/tecnicatura-superior-en-higiene-y-seguridad-en-el-trabajo-cohorte-2023\/\" aria-label=\"More on Tecnicatura Superior en Higiene y Seguridad en el Trabajo (cohorte 2023)\">[+]<\/a><\/p>\n","protected":false},"author":330,"featured_media":0,"parent":0,"menu_order":0,"comment_status":"closed","ping_status":"closed","template":"","meta":[],"acf":[],"_links":{"self":[{"href":"https:\/\/ensalcira-cba.infd.edu.ar\/sitio\/wp-json\/wp\/v2\/pages\/3134"}],"collection":[{"href":"https:\/\/ensalcira-cba.infd.edu.ar\/sitio\/wp-json\/wp\/v2\/pages"}],"about":[{"href":"https:\/\/ensalcira-cba.infd.edu.ar\/sitio\/wp-json\/wp\/v2\/types\/page"}],"author":[{"embeddable":true,"href":"https:\/\/ensalcira-cba.infd.edu.ar\/sitio\/wp-json\/wp\/v2\/users\/330"}],"replies":[{"embeddable":true,"href":"https:\/\/ensalcira-cba.infd.edu.ar\/sitio\/wp-json\/wp\/v2\/comments?post=3134"}],"version-history":[{"count":6,"href":"https:\/\/ensalcira-cba.infd.edu.ar\/sitio\/wp-json\/wp\/v2\/pages\/3134\/revisions"}],"predecessor-version":[{"id":3173,"href":"https:\/\/ensalcira-cba.infd.edu.ar\/sitio\/wp-json\/wp\/v2\/pages\/3134\/revisions\/3173"}],"wp:attachment":[{"href":"https:\/\/ensalcira-cba.infd.edu.ar\/sitio\/wp-json\/wp\/v2\/media?parent=3134"}],"curies":[{"name":"wp","href":"https:\/\/api.w.org\/{rel}","templated":true}]}}

<figure class="wp-block-image size-large"><img decoding="async" loading="lazy" width="1279" height="382" src="https://ensalcira-cba.infd.edu.ar/sitio/wp-content/uploads/2022/11/ESCUELA-NORMAL-flyer.png" alt="" class="wp-image-3166" srcset="https://ensalcira-cba.infd.edu.ar/sitio/wp-content/uploads/2022/11/ESCUELA-NORMAL-flyer.png 1279w, https://ensalcira-cba.infd.edu.ar/sitio/wp-content/uploads/2022/11/ESCUELA-NORMAL-flyer-1000x299.png 1000w, https://ensalcira-cba.infd.edu.ar/sitio/wp-content/uploads/2022/11/ESCUELA-NORMAL-flyer-768x229.png 768w" sizes="(max-width: 1279px) 100vw, 1279px" /></figure>



<p><strong>DURACIÓN DE LA CARRERA:</strong>&nbsp;2 Años y medio</p>



<p><strong>TÍTULO:</strong>&nbsp;Técnico Superior en Higiene y Seguridad en el Trabajo</p>



<p><strong>HORARIO DE CURSADO:</strong>&nbsp;Aprox. De 18:30 hs. a 22:30 hs.</p>



<p><strong>MODALIDAD DE CURSADO:</strong>&nbsp;Semipresencial. </p>



<p><strong>CARGA HORARIA:</strong>&nbsp;1609 horas RELOJ</p>



<p><strong>RÉGIMEN DE CURSADO:</strong>&nbsp;Cuatrimestral</p>



<p><strong>FUNDAMENTACIÓN:</strong></p>



<p>La Tecnicatura Superior en Higiene y Seguridad en el Trabajo establece como objetivo principal, formar profesionales comprometidos en su eficaz accionar para reflejar cambios y dar respuestas a las demandas actuales de la sociedad.</p>



<p>El trabajo es considerado una fuente de salud ya que aporta a quien lo realiza una serie de aspectos positivos y favorables, pero también puede causar diferentes daños a la salud tipo físico, psíquico o emocional según sean las condiciones en el que éste se realice.</p>



<p>Para prevenir los daños que malas condiciones de trabajo puedan ocasionar a la salud, se crean principios técnicos y éticos relativos a la vigilancia de la salud de los mismos, aprobados en leyes para mejorar las condiciones de los trabajadores. </p>



<p>Es importante formar técnicos especializados en la higiene y seguridad en el trabajo, que permita proteger y controlar el bienestar físico, mental y social de los trabajadores en cuanto a enfermedades como también de los accidentes laborales.</p>



<p><strong>OBJETIVOS:</strong></p>



<ul><li>Formar profesionales técnicos superiores que se inserten en el mercado laboral capaces de prevenir y controlar los riesgos derivados del trabajo, aplicando medidas y desarrollando las actividades necesarias para la prevención de accidentes de trabajo o enfermedades profesionales asegurando la integridad psicofísica de los trabajadores y del medio ambiente en el trabajo.</li><li>Formar profesionales con conocimientos técnicos y legales capaces de resolver problemas relacionados con el diagnóstico y la prevención de enfermedades ocupacionales a partir del estudio y control de dos variables: el hombre y su ambiente de trabajo.</li></ul>



<p><strong>REQUISITOS DE INGRESO:</strong></p>



<p>Haber concluido los estudios de nivel secundario en cualquiera de sus especialidades o estar comprendido en las Resoluciones N°25/02, N° 412/10 del Ministerio de Educación de la Provincia de Córdoba y aquellas que las modifiquen o reemplacen.</p>



<div class="wp-block-file"><a href="https://ensalcira-cba.infd.edu.ar/sitio/wp-content/uploads/2022/11/Plan-de-Estudio-Tecnicatura-Superior-en-Higiene-y-Seguridad-en-el-Trabajo.pdf">Plan-de-Estudio-Tecnicatura-Superior-en-Higiene-y-Seguridad-en-el-Trabajo</a><a href="https://ensalcira-cba.infd.edu.ar/sitio/wp-content/uploads/2022/11/Plan-de-Estudio-Tecnicatura-Superior-en-Higiene-y-Seguridad-en-el-Trabajo.pdf" class="wp-block-file__button" download>Descarga</a></div>



<p></p>

<p>DURACIÓN DE LA CARRERA:&nbsp;2 Años y medio TÍTULO:&nbsp;Técnico Superior en Higiene y Seguridad en el Trabajo HORARIO DE CURSADO:&nbsp;Aprox. De 18:30 hs. a 22:30 hs. MODALIDAD DE CURSADO:&nbsp;Semipresencial. CARGA HORARIA:&nbsp;1609 horas RELOJ RÉGIMEN DE CURSADO:&nbsp;Cuatrimestral FUNDAMENTACIÓN: La Tecnicatura Superior en Higiene y Seguridad en el Trabajo establece como objetivo principal, formar profesionales comprometidos en su &#8230; <a title="Tecnicatura Superior en Higiene y Seguridad en el Trabajo (cohorte 2023)" class="read-more" href="https://ensalcira-cba.infd.edu.ar/sitio/tecnicatura-superior-en-higiene-y-seguridad-en-el-trabajo-cohorte-2023/" aria-label="More on Tecnicatura Superior en Higiene y Seguridad en el Trabajo (cohorte 2023)">[+]</a></p>
