{"id":2962,"date":"2021-10-13T15:32:13","date_gmt":"2021-10-13T18:32:13","guid":{"rendered":"https:\/\/ensalcira-cba.infd.edu.ar\/sitio\/?page_id=2962"},"modified":"2021-10-13T15:54:04","modified_gmt":"2021-10-13T18:54:04","slug":"la-articulacion-entre-niveles-y-la-transicion-aritmetica-algebra-una-importante-relacion-para-indagar-en-la-formacion-docente","status":"publish","type":"page","link":"https:\/\/ensalcira-cba.infd.edu.ar\/sitio\/la-articulacion-entre-niveles-y-la-transicion-aritmetica-algebra-una-importante-relacion-para-indagar-en-la-formacion-docente\/","title":{"rendered":"\u201cLa articulaci\u00f3n entre niveles y la transici\u00f3n aritm\u00e9tica- \u00e1lgebra: una importante relaci\u00f3n para indagar en la formaci\u00f3n docente\u201d"},"content":{"rendered":"\n<p>Proyecto Mixto e Integrado correspondiente a la IV Convocatoria a Proyectos Mixtos e Integrados de Investigaci\u00f3n Educativa (<strong>PROMIIE<\/strong>) 2021-2023.<\/p>\n\n\n\n<figure class=\"wp-block-image size-large\"><img decoding=\"async\" loading=\"lazy\" width=\"11031\" height=\"7724\" src=\"https:\/\/ensalcira-cba.infd.edu.ar\/sitio\/wp-content\/uploads\/2021\/10\/p2.jpeg\" alt=\"\" class=\"wp-image-2968\"\/><\/figure>\n\n\n\n<figure class=\"wp-block-image size-large is-resized\"><img decoding=\"async\" loading=\"lazy\" src=\"https:\/\/ensalcira-cba.infd.edu.ar\/sitio\/wp-content\/uploads\/2021\/10\/PROMIIE-2021-2.jpg\" alt=\"\" class=\"wp-image-2972\" width=\"708\" height=\"397\" srcset=\"https:\/\/ensalcira-cba.infd.edu.ar\/sitio\/wp-content\/uploads\/2021\/10\/PROMIIE-2021-2.jpg 1280w, https:\/\/ensalcira-cba.infd.edu.ar\/sitio\/wp-content\/uploads\/2021\/10\/PROMIIE-2021-2-1000x562.jpg 1000w, https:\/\/ensalcira-cba.infd.edu.ar\/sitio\/wp-content\/uploads\/2021\/10\/PROMIIE-2021-2-768x431.jpg 768w\" sizes=\"(max-width: 708px) 100vw, 708px\" \/><\/figure>\n","protected":false},"excerpt":{"rendered":"<p>Proyecto Mixto e Integrado correspondiente a la IV Convocatoria a Proyectos Mixtos e Integrados de Investigaci\u00f3n Educativa (PROMIIE) 2021-2023.<\/p>\n","protected":false},"author":330,"featured_media":0,"parent":0,"menu_order":0,"comment_status":"closed","ping_status":"closed","template":"","meta":[],"acf":[],"_links":{"self":[{"href":"https:\/\/ensalcira-cba.infd.edu.ar\/sitio\/wp-json\/wp\/v2\/pages\/2962"}],"collection":[{"href":"https:\/\/ensalcira-cba.infd.edu.ar\/sitio\/wp-json\/wp\/v2\/pages"}],"about":[{"href":"https:\/\/ensalcira-cba.infd.edu.ar\/sitio\/wp-json\/wp\/v2\/types\/page"}],"author":[{"embeddable":true,"href":"https:\/\/ensalcira-cba.infd.edu.ar\/sitio\/wp-json\/wp\/v2\/users\/330"}],"replies":[{"embeddable":true,"href":"https:\/\/ensalcira-cba.infd.edu.ar\/sitio\/wp-json\/wp\/v2\/comments?post=2962"}],"version-history":[{"count":3,"href":"https:\/\/ensalcira-cba.infd.edu.ar\/sitio\/wp-json\/wp\/v2\/pages\/2962\/revisions"}],"predecessor-version":[{"id":2973,"href":"https:\/\/ensalcira-cba.infd.edu.ar\/sitio\/wp-json\/wp\/v2\/pages\/2962\/revisions\/2973"}],"wp:attachment":[{"href":"https:\/\/ensalcira-cba.infd.edu.ar\/sitio\/wp-json\/wp\/v2\/media?parent=2962"}],"curies":[{"name":"wp","href":"https:\/\/api.w.org\/{rel}","templated":true}]}}

“La articulación entre niveles y la transición aritmética- álgebra: una importante relación para indagar en la formación docente”

<p>Proyecto Mixto e Integrado correspondiente a la IV Convocatoria a Proyectos Mixtos e Integrados de Investigación Educativa (<strong>PROMIIE</strong>) 2021-2023.</p>



<figure class="wp-block-image size-large"><img decoding="async" loading="lazy" width="11031" height="7724" src="https://ensalcira-cba.infd.edu.ar/sitio/wp-content/uploads/2021/10/p2.jpeg" alt="" class="wp-image-2968"/></figure>



<figure class="wp-block-image size-large is-resized"><img decoding="async" loading="lazy" src="https://ensalcira-cba.infd.edu.ar/sitio/wp-content/uploads/2021/10/PROMIIE-2021-2.jpg" alt="" class="wp-image-2972" width="708" height="397" srcset="https://ensalcira-cba.infd.edu.ar/sitio/wp-content/uploads/2021/10/PROMIIE-2021-2.jpg 1280w, https://ensalcira-cba.infd.edu.ar/sitio/wp-content/uploads/2021/10/PROMIIE-2021-2-1000x562.jpg 1000w, https://ensalcira-cba.infd.edu.ar/sitio/wp-content/uploads/2021/10/PROMIIE-2021-2-768x431.jpg 768w" sizes="(max-width: 708px) 100vw, 708px" /></figure>

<p>Proyecto Mixto e Integrado correspondiente a la IV Convocatoria a Proyectos Mixtos e Integrados de Investigación Educativa (PROMIIE) 2021-2023.</p>
