{"id":2959,"date":"2021-10-13T15:31:20","date_gmt":"2021-10-13T18:31:20","guid":{"rendered":"https:\/\/ensalcira-cba.infd.edu.ar\/sitio\/?page_id=2959"},"modified":"2021-10-13T15:31:21","modified_gmt":"2021-10-13T18:31:21","slug":"analisis-implementacion-y-discusion-de-practicas-situadas-en-torno-a-la-dialectica-aritmetica-algebra-en-las-aulas-de-formacion-docente","status":"publish","type":"page","link":"https:\/\/ensalcira-cba.infd.edu.ar\/sitio\/analisis-implementacion-y-discusion-de-practicas-situadas-en-torno-a-la-dialectica-aritmetica-algebra-en-las-aulas-de-formacion-docente\/","title":{"rendered":"\u201cAn\u00e1lisis, implementaci\u00f3n y discusi\u00f3n  de pr\u00e1cticas situadas en torno a la dial\u00e9ctica Aritm\u00e9tica &#8211; \u00c1lgebra en las aulas de formaci\u00f3n docente\u201d"},"content":{"rendered":"\n<p>Proyecto Mixto e Integrado correspondiente a la III Convocatoria a Proyectos Mixtos e Integrados de Investigaci\u00f3n Educativa (<strong>PROMIIE<\/strong>) <strong>2018-2020<\/strong>.<\/p>\n","protected":false},"excerpt":{"rendered":"<p>Proyecto Mixto e Integrado correspondiente a la III Convocatoria a Proyectos Mixtos e Integrados de Investigaci\u00f3n Educativa (PROMIIE) 2018-2020.<\/p>\n","protected":false},"author":330,"featured_media":0,"parent":0,"menu_order":0,"comment_status":"closed","ping_status":"closed","template":"","meta":[],"acf":[],"_links":{"self":[{"href":"https:\/\/ensalcira-cba.infd.edu.ar\/sitio\/wp-json\/wp\/v2\/pages\/2959"}],"collection":[{"href":"https:\/\/ensalcira-cba.infd.edu.ar\/sitio\/wp-json\/wp\/v2\/pages"}],"about":[{"href":"https:\/\/ensalcira-cba.infd.edu.ar\/sitio\/wp-json\/wp\/v2\/types\/page"}],"author":[{"embeddable":true,"href":"https:\/\/ensalcira-cba.infd.edu.ar\/sitio\/wp-json\/wp\/v2\/users\/330"}],"replies":[{"embeddable":true,"href":"https:\/\/ensalcira-cba.infd.edu.ar\/sitio\/wp-json\/wp\/v2\/comments?post=2959"}],"version-history":[{"count":1,"href":"https:\/\/ensalcira-cba.infd.edu.ar\/sitio\/wp-json\/wp\/v2\/pages\/2959\/revisions"}],"predecessor-version":[{"id":2961,"href":"https:\/\/ensalcira-cba.infd.edu.ar\/sitio\/wp-json\/wp\/v2\/pages\/2959\/revisions\/2961"}],"wp:attachment":[{"href":"https:\/\/ensalcira-cba.infd.edu.ar\/sitio\/wp-json\/wp\/v2\/media?parent=2959"}],"curies":[{"name":"wp","href":"https:\/\/api.w.org\/{rel}","templated":true}]}}

“Análisis, implementación y discusión  de prácticas situadas en torno a la dialéctica Aritmética &#8211; Álgebra en las aulas de formación docente”

<p>Proyecto Mixto e Integrado correspondiente a la III Convocatoria a Proyectos Mixtos e Integrados de Investigación Educativa (<strong>PROMIIE</strong>) <strong>2018-2020</strong>.</p>

<p>Proyecto Mixto e Integrado correspondiente a la III Convocatoria a Proyectos Mixtos e Integrados de Investigación Educativa (PROMIIE) 2018-2020.</p>
