{"id":2956,"date":"2021-10-13T15:30:00","date_gmt":"2021-10-13T18:30:00","guid":{"rendered":"https:\/\/ensalcira-cba.infd.edu.ar\/sitio\/?page_id=2956"},"modified":"2021-10-13T15:44:41","modified_gmt":"2021-10-13T18:44:41","slug":"analisis-en-contextos-especificos-de-formacion-docente-relaciones-entre-la-practica-docente-y-las-practicas-matematicas-en-torno-a-la-dialectica-aritmetica-algebra","status":"publish","type":"page","link":"https:\/\/ensalcira-cba.infd.edu.ar\/sitio\/analisis-en-contextos-especificos-de-formacion-docente-relaciones-entre-la-practica-docente-y-las-practicas-matematicas-en-torno-a-la-dialectica-aritmetica-algebra\/","title":{"rendered":"\u201cAn\u00e1lisis en contextos espec\u00edficos de formaci\u00f3n docente: relaciones entre la Pr\u00e1ctica Docente y las pr\u00e1cticas matem\u00e1ticas en torno a la dial\u00e9ctica Aritm\u00e9tica-\u00c1lgebra\u201d"},"content":{"rendered":"\n<p>Proyecto Mixto e Integrado correspondiente a la II Convocatoria a Proyectos Mixtos e Integrados de Investigaci\u00f3n Educativa (<strong>PROMIIE<\/strong>) <strong>2015-2017<\/strong>. Resoluci\u00f3n Rectoral N\u00b0 1123\/15.<\/p>\n\n\n\n<figure class=\"wp-block-image size-large\"><img decoding=\"async\" loading=\"lazy\" width=\"6614\" height=\"9920\" src=\"https:\/\/ensalcira-cba.infd.edu.ar\/sitio\/wp-content\/uploads\/2021\/10\/p1.jpeg\" alt=\"\" class=\"wp-image-2966\"\/><\/figure>\n\n\n\n<p><\/p>\n","protected":false},"excerpt":{"rendered":"<p>Proyecto Mixto e Integrado correspondiente a la II Convocatoria a Proyectos Mixtos e Integrados de Investigaci\u00f3n Educativa (PROMIIE) 2015-2017. Resoluci\u00f3n Rectoral N\u00b0 1123\/15.<\/p>\n","protected":false},"author":330,"featured_media":0,"parent":0,"menu_order":0,"comment_status":"closed","ping_status":"closed","template":"","meta":[],"acf":[],"_links":{"self":[{"href":"https:\/\/ensalcira-cba.infd.edu.ar\/sitio\/wp-json\/wp\/v2\/pages\/2956"}],"collection":[{"href":"https:\/\/ensalcira-cba.infd.edu.ar\/sitio\/wp-json\/wp\/v2\/pages"}],"about":[{"href":"https:\/\/ensalcira-cba.infd.edu.ar\/sitio\/wp-json\/wp\/v2\/types\/page"}],"author":[{"embeddable":true,"href":"https:\/\/ensalcira-cba.infd.edu.ar\/sitio\/wp-json\/wp\/v2\/users\/330"}],"replies":[{"embeddable":true,"href":"https:\/\/ensalcira-cba.infd.edu.ar\/sitio\/wp-json\/wp\/v2\/comments?post=2956"}],"version-history":[{"count":2,"href":"https:\/\/ensalcira-cba.infd.edu.ar\/sitio\/wp-json\/wp\/v2\/pages\/2956\/revisions"}],"predecessor-version":[{"id":2967,"href":"https:\/\/ensalcira-cba.infd.edu.ar\/sitio\/wp-json\/wp\/v2\/pages\/2956\/revisions\/2967"}],"wp:attachment":[{"href":"https:\/\/ensalcira-cba.infd.edu.ar\/sitio\/wp-json\/wp\/v2\/media?parent=2956"}],"curies":[{"name":"wp","href":"https:\/\/api.w.org\/{rel}","templated":true}]}}

“Análisis en contextos específicos de formación docente: relaciones entre la Práctica Docente y las prácticas matemáticas en torno a la dialéctica Aritmética-Álgebra”

<p>Proyecto Mixto e Integrado correspondiente a la II Convocatoria a Proyectos Mixtos e Integrados de Investigación Educativa (<strong>PROMIIE</strong>) <strong>2015-2017</strong>. Resolución Rectoral N° 1123/15.</p>



<figure class="wp-block-image size-large"><img decoding="async" loading="lazy" width="6614" height="9920" src="https://ensalcira-cba.infd.edu.ar/sitio/wp-content/uploads/2021/10/p1.jpeg" alt="" class="wp-image-2966"/></figure>



<p></p>

<p>Proyecto Mixto e Integrado correspondiente a la II Convocatoria a Proyectos Mixtos e Integrados de Investigación Educativa (PROMIIE) 2015-2017. Resolución Rectoral N° 1123/15.</p>
