{"id":2953,"date":"2021-10-13T15:28:56","date_gmt":"2021-10-13T18:28:56","guid":{"rendered":"https:\/\/ensalcira-cba.infd.edu.ar\/sitio\/?page_id=2953"},"modified":"2021-10-13T15:51:18","modified_gmt":"2021-10-13T18:51:18","slug":"analisis-de-argumentaciones-aritmeticas-algebraicas-y-su-posible-incidencia-en-problemas-de-aprendizaje-de-la-matematica-en-distintos-niveles-del-sistema-educativo","status":"publish","type":"page","link":"https:\/\/ensalcira-cba.infd.edu.ar\/sitio\/analisis-de-argumentaciones-aritmeticas-algebraicas-y-su-posible-incidencia-en-problemas-de-aprendizaje-de-la-matematica-en-distintos-niveles-del-sistema-educativo\/","title":{"rendered":"\u201cAn\u00e1lisis de argumentaciones aritm\u00e9ticas-algebraicas y su posible incidencia en problemas de aprendizaje de la Matem\u00e1tica en distintos niveles del Sistema Educativo\u201d"},"content":{"rendered":"\n<p>Proyecto Mixto e Integrado correspondiente a la 1\u00b0 Convocatoria a Proyectos Mixtos e Integrados de Investigaci\u00f3n Educativa (<strong>PROMIIE<\/strong>) <strong>2013-2015<\/strong>. Resoluci\u00f3n Rectoral N\u00b0 712\/13.<\/p>\n\n\n\n<figure class=\"wp-block-image size-large is-resized\"><img decoding=\"async\" loading=\"lazy\" src=\"https:\/\/ensalcira-cba.infd.edu.ar\/sitio\/wp-content\/uploads\/2021\/10\/Jornadas-UNRC.jpeg\" alt=\"\" class=\"wp-image-2970\" width=\"519\" height=\"389\" srcset=\"https:\/\/ensalcira-cba.infd.edu.ar\/sitio\/wp-content\/uploads\/2021\/10\/Jornadas-UNRC.jpeg 1600w, https:\/\/ensalcira-cba.infd.edu.ar\/sitio\/wp-content\/uploads\/2021\/10\/Jornadas-UNRC-1000x750.jpeg 1000w, https:\/\/ensalcira-cba.infd.edu.ar\/sitio\/wp-content\/uploads\/2021\/10\/Jornadas-UNRC-768x576.jpeg 768w, https:\/\/ensalcira-cba.infd.edu.ar\/sitio\/wp-content\/uploads\/2021\/10\/Jornadas-UNRC-1536x1152.jpeg 1536w\" sizes=\"(max-width: 519px) 100vw, 519px\" \/><\/figure>\n","protected":false},"excerpt":{"rendered":"<p>Proyecto Mixto e Integrado correspondiente a la 1\u00b0 Convocatoria a Proyectos Mixtos e Integrados de Investigaci\u00f3n Educativa (PROMIIE) 2013-2015. Resoluci\u00f3n Rectoral N\u00b0 712\/13.<\/p>\n","protected":false},"author":330,"featured_media":0,"parent":0,"menu_order":0,"comment_status":"closed","ping_status":"closed","template":"","meta":[],"acf":[],"_links":{"self":[{"href":"https:\/\/ensalcira-cba.infd.edu.ar\/sitio\/wp-json\/wp\/v2\/pages\/2953"}],"collection":[{"href":"https:\/\/ensalcira-cba.infd.edu.ar\/sitio\/wp-json\/wp\/v2\/pages"}],"about":[{"href":"https:\/\/ensalcira-cba.infd.edu.ar\/sitio\/wp-json\/wp\/v2\/types\/page"}],"author":[{"embeddable":true,"href":"https:\/\/ensalcira-cba.infd.edu.ar\/sitio\/wp-json\/wp\/v2\/users\/330"}],"replies":[{"embeddable":true,"href":"https:\/\/ensalcira-cba.infd.edu.ar\/sitio\/wp-json\/wp\/v2\/comments?post=2953"}],"version-history":[{"count":2,"href":"https:\/\/ensalcira-cba.infd.edu.ar\/sitio\/wp-json\/wp\/v2\/pages\/2953\/revisions"}],"predecessor-version":[{"id":2971,"href":"https:\/\/ensalcira-cba.infd.edu.ar\/sitio\/wp-json\/wp\/v2\/pages\/2953\/revisions\/2971"}],"wp:attachment":[{"href":"https:\/\/ensalcira-cba.infd.edu.ar\/sitio\/wp-json\/wp\/v2\/media?parent=2953"}],"curies":[{"name":"wp","href":"https:\/\/api.w.org\/{rel}","templated":true}]}}

“Análisis de argumentaciones aritméticas-algebraicas y su posible incidencia en problemas de aprendizaje de la Matemática en distintos niveles del Sistema Educativo”

<p>Proyecto Mixto e Integrado correspondiente a la 1° Convocatoria a Proyectos Mixtos e Integrados de Investigación Educativa (<strong>PROMIIE</strong>) <strong>2013-2015</strong>. Resolución Rectoral N° 712/13.</p>



<figure class="wp-block-image size-large is-resized"><img decoding="async" loading="lazy" src="https://ensalcira-cba.infd.edu.ar/sitio/wp-content/uploads/2021/10/Jornadas-UNRC.jpeg" alt="" class="wp-image-2970" width="519" height="389" srcset="https://ensalcira-cba.infd.edu.ar/sitio/wp-content/uploads/2021/10/Jornadas-UNRC.jpeg 1600w, https://ensalcira-cba.infd.edu.ar/sitio/wp-content/uploads/2021/10/Jornadas-UNRC-1000x750.jpeg 1000w, https://ensalcira-cba.infd.edu.ar/sitio/wp-content/uploads/2021/10/Jornadas-UNRC-768x576.jpeg 768w, https://ensalcira-cba.infd.edu.ar/sitio/wp-content/uploads/2021/10/Jornadas-UNRC-1536x1152.jpeg 1536w" sizes="(max-width: 519px) 100vw, 519px" /></figure>

<p>Proyecto Mixto e Integrado correspondiente a la 1° Convocatoria a Proyectos Mixtos e Integrados de Investigación Educativa (PROMIIE) 2013-2015. Resolución Rectoral N° 712/13.</p>
