{"id":2950,"date":"2021-10-13T15:23:00","date_gmt":"2021-10-13T18:23:00","guid":{"rendered":"https:\/\/ensalcira-cba.infd.edu.ar\/sitio\/?page_id=2950"},"modified":"2021-10-13T15:23:01","modified_gmt":"2021-10-13T18:23:01","slug":"estudio-y-diseno-de-practicas-de-ensenanza-que-posibiliten-relaciones-dialecticas-entre-lo-geometrico-lo-fisico-y-lo-algebraico-en-el-espacio-curricular-desarrollo-del-pensamiento-matematico","status":"publish","type":"page","link":"https:\/\/ensalcira-cba.infd.edu.ar\/sitio\/estudio-y-diseno-de-practicas-de-ensenanza-que-posibiliten-relaciones-dialecticas-entre-lo-geometrico-lo-fisico-y-lo-algebraico-en-el-espacio-curricular-desarrollo-del-pensamiento-matematico\/","title":{"rendered":"\u201cEstudio y Dise\u00f1o de Pr\u00e1cticas de Ense\u00f1anza que posibiliten relaciones dial\u00e9cticas entre lo geom\u00e9trico, lo f\u00edsico y lo algebraico en el espacio curricular Desarrollo del Pensamiento Matem\u00e1tico\u201d"},"content":{"rendered":"\n<p>Proyecto de Investigaci\u00f3n Interinstitucional aprobado por el <strong>Instituto Nacional de Formaci\u00f3n Docente<\/strong> en la convocatoria <strong>2011<\/strong>: \u201cConocer para incidir sobre las Pr\u00e1cticas Pedag\u00f3gicas\u201d Res. Del Ministerio de Educaci\u00f3n de la Naci\u00f3n N\u00ba 288 SE, con Instituci\u00f3n Cabecera Escuela Normal Superior \u201cJos\u00e9 Manuel Estrada\u201d.<\/p>\n","protected":false},"excerpt":{"rendered":"<p>Proyecto de Investigaci\u00f3n Interinstitucional aprobado por el Instituto Nacional de Formaci\u00f3n Docente en la convocatoria 2011: \u201cConocer para incidir sobre las Pr\u00e1cticas Pedag\u00f3gicas\u201d Res. Del Ministerio de Educaci\u00f3n de la Naci\u00f3n N\u00ba 288 SE, con Instituci\u00f3n Cabecera Escuela Normal Superior \u201cJos\u00e9 Manuel Estrada\u201d.<\/p>\n","protected":false},"author":330,"featured_media":0,"parent":0,"menu_order":0,"comment_status":"closed","ping_status":"closed","template":"","meta":[],"acf":[],"_links":{"self":[{"href":"https:\/\/ensalcira-cba.infd.edu.ar\/sitio\/wp-json\/wp\/v2\/pages\/2950"}],"collection":[{"href":"https:\/\/ensalcira-cba.infd.edu.ar\/sitio\/wp-json\/wp\/v2\/pages"}],"about":[{"href":"https:\/\/ensalcira-cba.infd.edu.ar\/sitio\/wp-json\/wp\/v2\/types\/page"}],"author":[{"embeddable":true,"href":"https:\/\/ensalcira-cba.infd.edu.ar\/sitio\/wp-json\/wp\/v2\/users\/330"}],"replies":[{"embeddable":true,"href":"https:\/\/ensalcira-cba.infd.edu.ar\/sitio\/wp-json\/wp\/v2\/comments?post=2950"}],"version-history":[{"count":1,"href":"https:\/\/ensalcira-cba.infd.edu.ar\/sitio\/wp-json\/wp\/v2\/pages\/2950\/revisions"}],"predecessor-version":[{"id":2952,"href":"https:\/\/ensalcira-cba.infd.edu.ar\/sitio\/wp-json\/wp\/v2\/pages\/2950\/revisions\/2952"}],"wp:attachment":[{"href":"https:\/\/ensalcira-cba.infd.edu.ar\/sitio\/wp-json\/wp\/v2\/media?parent=2950"}],"curies":[{"name":"wp","href":"https:\/\/api.w.org\/{rel}","templated":true}]}}

“Estudio y Diseño de Prácticas de Enseñanza que posibiliten relaciones dialécticas entre lo geométrico, lo físico y lo algebraico en el espacio curricular Desarrollo del Pensamiento Matemático”

<p>Proyecto de Investigación Interinstitucional aprobado por el <strong>Instituto Nacional de Formación Docente</strong> en la convocatoria <strong>2011</strong>: “Conocer para incidir sobre las Prácticas Pedagógicas” Res. Del Ministerio de Educación de la Nación Nº 288 SE, con Institución Cabecera Escuela Normal Superior “José Manuel Estrada”.</p>

<p>Proyecto de Investigación Interinstitucional aprobado por el Instituto Nacional de Formación Docente en la convocatoria 2011: “Conocer para incidir sobre las Prácticas Pedagógicas” Res. Del Ministerio de Educación de la Nación Nº 288 SE, con Institución Cabecera Escuela Normal Superior “José Manuel Estrada”.</p>
