{"id":2864,"date":"2021-09-24T15:35:30","date_gmt":"2021-09-24T18:35:30","guid":{"rendered":"https:\/\/ensalcira-cba.infd.edu.ar\/sitio\/?page_id=2864"},"modified":"2021-09-24T15:35:32","modified_gmt":"2021-09-24T18:35:32","slug":"jornada-%c2%93memoria-reciente-de-la-ultima-dictadura-civico-militar-en-el-contexto-cordobes%c2%94-3","status":"publish","type":"page","link":"https:\/\/ensalcira-cba.infd.edu.ar\/sitio\/jornada-%c2%93memoria-reciente-de-la-ultima-dictadura-civico-militar-en-el-contexto-cordobes%c2%94-3\/","title":{"rendered":"Jornada: \u0093Memoria reciente de la \u00faltima dictadura c\u00edvico militar en el contexto cordob\u00e9s\u0094"},"content":{"rendered":"\n<p>\u00a0<strong><u>Links de los trabajos de Investigaci\u00f3n desarrollados:<\/u><\/strong><\/p>\n\n\n\n<div class=\"wp-block-file\"><a href=\"https:\/\/ensalcira-cba.infd.edu.ar\/sitio\/wp-content\/uploads\/2021\/09\/Proyecto_2085-BRICCA_1.pdf\">\u00abLA ESCUELA COMO LABORATORIO DE LA MEMORIA RECIENTE: UNA EXPERIENCIA SITUADA EN EL NIVEL PRIMARIO\u00bb<\/a><a href=\"https:\/\/ensalcira-cba.infd.edu.ar\/sitio\/wp-content\/uploads\/2021\/09\/Proyecto_2085-BRICCA_1.pdf\" class=\"wp-block-file__button\" download>Descarga<\/a><\/div>\n\n\n\n<div class=\"wp-block-file\"><a href=\"https:\/\/ensalcira-cba.infd.edu.ar\/sitio\/wp-content\/uploads\/2021\/09\/Trabajo_de_Invastigacion_DGES_1.pdf\">\u00abENTRE EL PENSAR, EL DECIR Y EL HACER&#8230; REPRESENTACIONES DE LOS DOCENTES DE CIENCIAS SOCIALES SOBRE EL PASADO RECIENTE Y SU POSIBILIDAD Y SU POSIBILIDAD DID\u00c1CTICA EN EL SEGUNDO CICLO DE LA ESCUELA PRIMARIA\u00bb<\/a><a href=\"https:\/\/ensalcira-cba.infd.edu.ar\/sitio\/wp-content\/uploads\/2021\/09\/Trabajo_de_Invastigacion_DGES_1.pdf\" class=\"wp-block-file__button\" download>Descarga<\/a><\/div>\n\n\n\n<p><\/p>\n","protected":false},"excerpt":{"rendered":"<p>\u00a0Links de los trabajos de Investigaci\u00f3n desarrollados:<\/p>\n","protected":false},"author":302,"featured_media":0,"parent":0,"menu_order":0,"comment_status":"closed","ping_status":"closed","template":"","meta":[],"acf":[],"_links":{"self":[{"href":"https:\/\/ensalcira-cba.infd.edu.ar\/sitio\/wp-json\/wp\/v2\/pages\/2864"}],"collection":[{"href":"https:\/\/ensalcira-cba.infd.edu.ar\/sitio\/wp-json\/wp\/v2\/pages"}],"about":[{"href":"https:\/\/ensalcira-cba.infd.edu.ar\/sitio\/wp-json\/wp\/v2\/types\/page"}],"author":[{"embeddable":true,"href":"https:\/\/ensalcira-cba.infd.edu.ar\/sitio\/wp-json\/wp\/v2\/users\/302"}],"replies":[{"embeddable":true,"href":"https:\/\/ensalcira-cba.infd.edu.ar\/sitio\/wp-json\/wp\/v2\/comments?post=2864"}],"version-history":[{"count":2,"href":"https:\/\/ensalcira-cba.infd.edu.ar\/sitio\/wp-json\/wp\/v2\/pages\/2864\/revisions"}],"predecessor-version":[{"id":2869,"href":"https:\/\/ensalcira-cba.infd.edu.ar\/sitio\/wp-json\/wp\/v2\/pages\/2864\/revisions\/2869"}],"wp:attachment":[{"href":"https:\/\/ensalcira-cba.infd.edu.ar\/sitio\/wp-json\/wp\/v2\/media?parent=2864"}],"curies":[{"name":"wp","href":"https:\/\/api.w.org\/{rel}","templated":true}]}}

Jornada: Memoria reciente de la última dictadura cívico militar en el contexto cordobés

<p> <strong><u>Links de los trabajos de Investigación desarrollados:</u></strong></p>



<div class="wp-block-file"><a href="https://ensalcira-cba.infd.edu.ar/sitio/wp-content/uploads/2021/09/Proyecto_2085-BRICCA_1.pdf">«LA ESCUELA COMO LABORATORIO DE LA MEMORIA RECIENTE: UNA EXPERIENCIA SITUADA EN EL NIVEL PRIMARIO»</a><a href="https://ensalcira-cba.infd.edu.ar/sitio/wp-content/uploads/2021/09/Proyecto_2085-BRICCA_1.pdf" class="wp-block-file__button" download>Descarga</a></div>



<div class="wp-block-file"><a href="https://ensalcira-cba.infd.edu.ar/sitio/wp-content/uploads/2021/09/Trabajo_de_Invastigacion_DGES_1.pdf">«ENTRE EL PENSAR, EL DECIR Y EL HACER&#8230; REPRESENTACIONES DE LOS DOCENTES DE CIENCIAS SOCIALES SOBRE EL PASADO RECIENTE Y SU POSIBILIDAD Y SU POSIBILIDAD DIDÁCTICA EN EL SEGUNDO CICLO DE LA ESCUELA PRIMARIA»</a><a href="https://ensalcira-cba.infd.edu.ar/sitio/wp-content/uploads/2021/09/Trabajo_de_Invastigacion_DGES_1.pdf" class="wp-block-file__button" download>Descarga</a></div>



<p></p>

<p> Links de los trabajos de Investigación desarrollados:</p>
