{"id":286,"date":"2016-10-31T13:17:59","date_gmt":"2016-10-31T16:17:59","guid":{"rendered":"https:\/\/ensalcira-cba.infd.edu.ar\/sitio\/?page_id=286"},"modified":"2024-10-23T15:51:31","modified_gmt":"2024-10-23T18:51:31","slug":"inicio","status":"publish","type":"page","link":"https:\/\/ensalcira-cba.infd.edu.ar\/sitio\/","title":{"rendered":""},"content":{"rendered":"<div id=\"metaslider-id-403\" style=\"width: 100%;\" class=\"ml-slider-3-33-0 metaslider metaslider-flex metaslider-403 ml-slider ms-theme-default\" role=\"region\" aria-roledescription=\"Slideshow\" aria-label=\"Slideshow\">\n    <div id=\"metaslider_container_403\">\n        <div id=\"metaslider_403\" class=\"flexslider\">\n            <ul aria-live=\"polite\" class=\"slides\">\n                <li style=\"display: block; width: 100%;\" class=\"slide-607 ms-image\" aria-roledescription=\"slide\" aria-label=\"slide-607\"><a href=\"https:\/\/mapa.infd.edu.ar\/\" target=\"_blank\"><img src=\"https:\/\/ensalcira-cba.infd.edu.ar\/sitio\/wp-content\/uploads\/2018\/06\/mapa_infd6-1100x200.png\" height=\"200\" width=\"1100\" alt=\"\" class=\"slider-403 slide-607\" title=\"mapa_infd6\" \/><\/a><\/li>\n                <li style=\"display: none; width: 100%;\" class=\"slide-609 ms-image\" aria-roledescription=\"slide\" aria-label=\"slide-609\"><a href=\"https:\/\/www.argentina.gob.ar\/educacion\/becas\" target=\"_blank\"><img src=\"https:\/\/ensalcira-cba.infd.edu.ar\/sitio\/wp-content\/uploads\/2018\/06\/becas7-1100x200.png\" height=\"200\" width=\"1100\" alt=\"\" class=\"slider-403 slide-609\" title=\"becas7\" \/><\/a><\/li>\n                <li style=\"display: none; width: 100%;\" class=\"slide-635 ms-image\" aria-roledescription=\"slide\" aria-label=\"slide-635\"><a href=\"https:\/\/www.argentina.gob.ar\/tema\/estudiar\/formacion-docencia\" target=\"_blank\"><img src=\"https:\/\/ensalcira-cba.infd.edu.ar\/sitio\/wp-content\/uploads\/2018\/06\/convocatorias_slide6-1-1100x200.png\" height=\"200\" width=\"1100\" alt=\"\" class=\"slider-403 slide-635\" title=\"convocatorias_slide6-1\" \/><\/a><\/li>\n            <\/ul>\n        <\/div>\n        \n    <\/div>\n<\/div>\n<table id=\"table1\" style=\"text-align: center; width: 1155px; height: 940px;\" border=\"1\" cellspacing=\"0\" cellpadding=\"10\">\n<tbody style=\"text-align: left;\">\n<tr style=\"text-align: left;\">\n<td style=\"text-align: left; text-decoration: blink; border: 1px solid;\">\n<h2 style=\"text-align: center;\"><span style=\"color: #800000; text-decoration: blink;\">\u00a0<span style=\"font-size: 14pt;\">Escuela Normal Superior\u00a0<\/span><\/span><span style=\"color: #800000; text-decoration: blink; font-size: 14pt;\"><strong>\u00abJos\u00e9 Manuel Estrada\u00bb<\/strong><\/span><\/h2>\n<h6 style=\"text-align: center;\"><span style=\"color: #800000; text-decoration: blink;\">Alcira Gigena &#8211; Provincia de C\u00f3rdoba<\/span><\/h6>\n<h2 style=\"text-align: center;\"><img decoding=\"async\" loading=\"lazy\" class=\"alignnone  wp-image-3030\" src=\"https:\/\/ensalcira-cba.infd.edu.ar\/sitio\/wp-content\/uploads\/2021\/10\/Escudo-EscuelaNormalGigena-1-e1634849929886.jpg\" alt=\"\" width=\"92\" height=\"104\" \/><\/h2>\n<p style=\"text-align: center;\"><img decoding=\"async\" loading=\"lazy\" class=\"alignnone  wp-image-2516\" src=\"https:\/\/ensalcira-cba.infd.edu.ar\/sitio\/wp-content\/uploads\/2021\/09\/foto-frente-1000x678.jpg\" alt=\"\" width=\"416\" height=\"282\" srcset=\"https:\/\/ensalcira-cba.infd.edu.ar\/sitio\/wp-content\/uploads\/2021\/09\/foto-frente-1000x678.jpg 1000w, https:\/\/ensalcira-cba.infd.edu.ar\/sitio\/wp-content\/uploads\/2021\/09\/foto-frente-768x520.jpg 768w, https:\/\/ensalcira-cba.infd.edu.ar\/sitio\/wp-content\/uploads\/2021\/09\/foto-frente.jpg 1061w\" sizes=\"(max-width: 416px) 100vw, 416px\" \/><\/p>\n<p style=\"text-align: center;\">Este <strong>Instituto Superior de Formaci\u00f3n Docente<\/strong> pertenece al sistema de educaci\u00f3n p\u00fablica de gesti\u00f3n estatal.\u00a0<\/p>\n<p class=\"MsoNormal\" style=\"text-indent: 35.4pt; line-height: normal; text-align: center;\"><em>\u00abLas escuelas son \u00e1mbitos culturales. No s\u00f3lo porque introducen a los alumnos en los grandes logros intelectuales, sino tambi\u00e9n por su sentido de comunidad, por su esp\u00edritu de empresa en com\u00fan. Si uno pasa un tiempo, por breve que sea, en el aula, lo percibir\u00e1 instintivamente: se trata de una cultura espec\u00edfica de ense\u00f1anza y aprendizaje. \u00c9sto se hace evidente en la forma de interacci\u00f3n de docentes y alumnos, en sus expectativas mutuas, en el lenguaje que tiene en com\u00fan, en el hecho de compartir nociones acerca de lo que es aceptable, interesante y valioso\u00bb.<\/em>\u00a0<\/p>\n<h6 class=\"MsoNormal\" style=\"text-indent: 35.4pt; line-height: normal; text-align: center;\">Extra\u00eddo de: TISHMAN, Shari, PERKINS, David y JAY, Eileen.\u00a0<strong>\u201cAprender y ense\u00f1ar en una cultura de pensamiento. Un aula para pensar\u201d<\/strong>. Introducci\u00f3n. Ed. Aique. 2006<\/h6>\n<h6 style=\"text-align: justify;\">\u00a0<\/h6>\n<p style=\"text-align: center;\"><img decoding=\"async\" class=\"alignleft\" style=\"display: block; margin-left: auto; margin-right: auto;\" src=\"https:\/\/ensalcira-cba.infd.edu.ar\/sitio\/wp-content\/uploads\/2018\/08\/la_red.jpg\" alt=\"Red virtual\" border=\"0\" hspace=\"10\" \/><\/p>\n<p style=\"text-align: justify;\">Aquellos que visiten nuestra web podr\u00e1n conocer qui\u00e9nes somos y lo que hacemos en el ISFD mientras que para aquellos que ya son usuarios de nuestra p\u00e1gina, podr\u00e1n comunicar novedades, acercar informaci\u00f3n, compartir experiencias y brindar apoyo y asesoramiento a estudiantes, otros docentes e interesados en formar parte de esta Instituci\u00f3n. Junto con cientos de Institutos, integramos la\u00a0<strong><em>Red Virtual de Institutos Superiores de Formaci\u00f3n Docente\u00a0<\/em><\/strong>coordinada por el <strong>INFD<\/strong> (Instituto Nacional de Formaci\u00f3n Docente)\u00a0dependiente del Ministerio de Educaci\u00f3n de la Naci\u00f3n Argentina.<\/p>\n<\/td>\n<\/tr>\n<\/tbody>\n<\/table>\n<p>&nbsp;<\/p>\n","protected":false},"excerpt":{"rendered":"<p>\u00a0Escuela Normal Superior\u00a0\u00abJos\u00e9 Manuel Estrada\u00bb Alcira Gigena &#8211; Provincia de C\u00f3rdoba Este Instituto Superior de Formaci\u00f3n Docente pertenece al sistema de educaci\u00f3n p\u00fablica de gesti\u00f3n estatal.\u00a0 \u00abLas escuelas son \u00e1mbitos culturales. No s\u00f3lo porque introducen a los alumnos en los grandes logros intelectuales, sino tambi\u00e9n por su sentido de comunidad, por su esp\u00edritu de empresa &#8230; <a title=\"\" class=\"read-more\" href=\"https:\/\/ensalcira-cba.infd.edu.ar\/sitio\/\" aria-label=\"More on \">[+]<\/a><\/p>\n","protected":false},"author":1,"featured_media":0,"parent":0,"menu_order":0,"comment_status":"closed","ping_status":"closed","template":"","meta":[],"acf":[],"_links":{"self":[{"href":"https:\/\/ensalcira-cba.infd.edu.ar\/sitio\/wp-json\/wp\/v2\/pages\/286"}],"collection":[{"href":"https:\/\/ensalcira-cba.infd.edu.ar\/sitio\/wp-json\/wp\/v2\/pages"}],"about":[{"href":"https:\/\/ensalcira-cba.infd.edu.ar\/sitio\/wp-json\/wp\/v2\/types\/page"}],"author":[{"embeddable":true,"href":"https:\/\/ensalcira-cba.infd.edu.ar\/sitio\/wp-json\/wp\/v2\/users\/1"}],"replies":[{"embeddable":true,"href":"https:\/\/ensalcira-cba.infd.edu.ar\/sitio\/wp-json\/wp\/v2\/comments?post=286"}],"version-history":[{"count":112,"href":"https:\/\/ensalcira-cba.infd.edu.ar\/sitio\/wp-json\/wp\/v2\/pages\/286\/revisions"}],"predecessor-version":[{"id":3429,"href":"https:\/\/ensalcira-cba.infd.edu.ar\/sitio\/wp-json\/wp\/v2\/pages\/286\/revisions\/3429"}],"wp:attachment":[{"href":"https:\/\/ensalcira-cba.infd.edu.ar\/sitio\/wp-json\/wp\/v2\/media?parent=286"}],"curies":[{"name":"wp","href":"https:\/\/api.w.org\/{rel}","templated":true}]}}

<div id="metaslider-id-403" style="width: 100%;" class="ml-slider-3-33-0 metaslider metaslider-flex metaslider-403 ml-slider ms-theme-default" role="region" aria-roledescription="Slideshow" aria-label="Slideshow">
    <div id="metaslider_container_403">
        <div id="metaslider_403" class="flexslider">
            <ul aria-live="polite" class="slides">
                <li style="display: block; width: 100%;" class="slide-607 ms-image" aria-roledescription="slide" aria-label="slide-607"><a href="https://mapa.infd.edu.ar/" target="_blank"><img src="https://ensalcira-cba.infd.edu.ar/sitio/wp-content/uploads/2018/06/mapa_infd6-1100x200.png" height="200" width="1100" alt="" class="slider-403 slide-607" title="mapa_infd6" /></a></li>
                <li style="display: none; width: 100%;" class="slide-609 ms-image" aria-roledescription="slide" aria-label="slide-609"><a href="https://www.argentina.gob.ar/educacion/becas" target="_blank"><img src="https://ensalcira-cba.infd.edu.ar/sitio/wp-content/uploads/2018/06/becas7-1100x200.png" height="200" width="1100" alt="" class="slider-403 slide-609" title="becas7" /></a></li>
                <li style="display: none; width: 100%;" class="slide-635 ms-image" aria-roledescription="slide" aria-label="slide-635"><a href="https://www.argentina.gob.ar/tema/estudiar/formacion-docencia" target="_blank"><img src="https://ensalcira-cba.infd.edu.ar/sitio/wp-content/uploads/2018/06/convocatorias_slide6-1-1100x200.png" height="200" width="1100" alt="" class="slider-403 slide-635" title="convocatorias_slide6-1" /></a></li>
            </ul>
        </div>
        
    </div>
</div>
<table id="table1" style="text-align: center; width: 1155px; height: 940px;" border="1" cellspacing="0" cellpadding="10">
<tbody style="text-align: left;">
<tr style="text-align: left;">
<td style="text-align: left; text-decoration: blink; border: 1px solid;">
<h2 style="text-align: center;"><span style="color: #800000; text-decoration: blink;"> <span style="font-size: 14pt;">Escuela Normal Superior </span></span><span style="color: #800000; text-decoration: blink; font-size: 14pt;"><strong>«José Manuel Estrada»</strong></span></h2>
<h6 style="text-align: center;"><span style="color: #800000; text-decoration: blink;">Alcira Gigena &#8211; Provincia de Córdoba</span></h6>
<h2 style="text-align: center;"><img decoding="async" loading="lazy" class="alignnone  wp-image-3030" src="https://ensalcira-cba.infd.edu.ar/sitio/wp-content/uploads/2021/10/Escudo-EscuelaNormalGigena-1-e1634849929886.jpg" alt="" width="92" height="104" /></h2>
<p style="text-align: center;"><img decoding="async" loading="lazy" class="alignnone  wp-image-2516" src="https://ensalcira-cba.infd.edu.ar/sitio/wp-content/uploads/2021/09/foto-frente-1000x678.jpg" alt="" width="416" height="282" srcset="https://ensalcira-cba.infd.edu.ar/sitio/wp-content/uploads/2021/09/foto-frente-1000x678.jpg 1000w, https://ensalcira-cba.infd.edu.ar/sitio/wp-content/uploads/2021/09/foto-frente-768x520.jpg 768w, https://ensalcira-cba.infd.edu.ar/sitio/wp-content/uploads/2021/09/foto-frente.jpg 1061w" sizes="(max-width: 416px) 100vw, 416px" /></p>
<p style="text-align: center;">Este <strong>Instituto Superior de Formación Docente</strong> pertenece al sistema de educación pública de gestión estatal. </p>
<p class="MsoNormal" style="text-indent: 35.4pt; line-height: normal; text-align: center;"><em>«Las escuelas son ámbitos culturales. No sólo porque introducen a los alumnos en los grandes logros intelectuales, sino también por su sentido de comunidad, por su espíritu de empresa en común. Si uno pasa un tiempo, por breve que sea, en el aula, lo percibirá instintivamente: se trata de una cultura específica de enseñanza y aprendizaje. Ésto se hace evidente en la forma de interacción de docentes y alumnos, en sus expectativas mutuas, en el lenguaje que tiene en común, en el hecho de compartir nociones acerca de lo que es aceptable, interesante y valioso».</em> </p>
<h6 class="MsoNormal" style="text-indent: 35.4pt; line-height: normal; text-align: center;">Extraído de: TISHMAN, Shari, PERKINS, David y JAY, Eileen. <strong>“Aprender y enseñar en una cultura de pensamiento. Un aula para pensar”</strong>. Introducción. Ed. Aique. 2006</h6>
<h6 style="text-align: justify;"> </h6>
<p style="text-align: center;"><img decoding="async" class="alignleft" style="display: block; margin-left: auto; margin-right: auto;" src="https://ensalcira-cba.infd.edu.ar/sitio/wp-content/uploads/2018/08/la_red.jpg" alt="Red virtual" border="0" hspace="10" /></p>
<p style="text-align: justify;">Aquellos que visiten nuestra web podrán conocer quiénes somos y lo que hacemos en el ISFD mientras que para aquellos que ya son usuarios de nuestra página, podrán comunicar novedades, acercar información, compartir experiencias y brindar apoyo y asesoramiento a estudiantes, otros docentes e interesados en formar parte de esta Institución. Junto con cientos de Institutos, integramos la <strong><em>Red Virtual de Institutos Superiores de Formación Docente </em></strong>coordinada por el <strong>INFD</strong> (Instituto Nacional de Formación Docente) dependiente del Ministerio de Educación de la Nación Argentina.</p>
</td>
</tr>
</tbody>
</table>
<p>&nbsp;</p>

<p> Escuela Normal Superior «José Manuel Estrada» Alcira Gigena &#8211; Provincia de Córdoba Este Instituto Superior de Formación Docente pertenece al sistema de educación pública de gestión estatal.  «Las escuelas son ámbitos culturales. No sólo porque introducen a los alumnos en los grandes logros intelectuales, sino también por su sentido de comunidad, por su espíritu de empresa &#8230; <a title="" class="read-more" href="https://ensalcira-cba.infd.edu.ar/sitio/" aria-label="More on ">[+]</a></p>
