{"id":2851,"date":"2021-09-24T15:10:46","date_gmt":"2021-09-24T18:10:46","guid":{"rendered":"https:\/\/ensalcira-cba.infd.edu.ar\/sitio\/?page_id=2851"},"modified":"2021-09-24T16:16:05","modified_gmt":"2021-09-24T19:16:05","slug":"la-construccion-del-camino-lector-a-traves-de-la-bitacora-de-lectura","status":"publish","type":"page","link":"https:\/\/ensalcira-cba.infd.edu.ar\/sitio\/la-construccion-del-camino-lector-a-traves-de-la-bitacora-de-lectura\/","title":{"rendered":"La construcci\u00f3n del camino lector a trav\u00e9s de la Bit\u00e1cora de Lectura"},"content":{"rendered":"\n<div class=\"wp-block-image is-style-default\"><figure class=\"alignleft size-large is-resized\"><img decoding=\"async\" loading=\"lazy\" src=\"https:\/\/ensalcira-cba.infd.edu.ar\/sitio\/wp-content\/uploads\/2021\/09\/WhatsApp-Image-2021-09-24-at-14.44.15.jpeg\" alt=\"\" class=\"wp-image-2852\" width=\"411\" height=\"251\"\/><\/figure><\/div>\n\n\n\n<p>Esta propuesta comenz\u00f3 a desarrollarse durante el ciclo lectivo 2020 y se contin\u00faa implementando en el actualidad como una acci\u00f3n transversal entre los espacio curriculares de Oralidad, Lectura y Escritura (1\u00b0a\u00f1o) y Literatura en el Nivel Primario (3\u00b0 a\u00f1o). Propone el abordaje de la literatura como universo aut\u00f3nomo para fortalecer la formaci\u00f3n de los estudiantes como sujetos adultos lectores de Literatura. <\/p>\n\n\n\n<p>A partir de este objetivo se piensa en la elaboraci\u00f3n de una bit\u00e1cora para que los estudiantes construyan a partir de un corpus de textos, recorridos lectores diversos que propicien el di\u00e1logo, enriquecimiento y reflexi\u00f3n a partir de sus experiencias de lectura literaria.<\/p>\n\n\n\n<p><br><\/p>\n","protected":false},"excerpt":{"rendered":"<p>Esta propuesta comenz\u00f3 a desarrollarse durante el ciclo lectivo 2020 y se contin\u00faa implementando en el actualidad como una acci\u00f3n transversal entre los espacio curriculares de Oralidad, Lectura y Escritura (1\u00b0a\u00f1o) y Literatura en el Nivel Primario (3\u00b0 a\u00f1o). Propone el abordaje de la literatura como universo aut\u00f3nomo para fortalecer la formaci\u00f3n de los estudiantes &#8230; <a title=\"La construcci\u00f3n del camino lector a trav\u00e9s de la Bit\u00e1cora de Lectura\" class=\"read-more\" href=\"https:\/\/ensalcira-cba.infd.edu.ar\/sitio\/la-construccion-del-camino-lector-a-traves-de-la-bitacora-de-lectura\/\" aria-label=\"More on La construcci\u00f3n del camino lector a trav\u00e9s de la Bit\u00e1cora de Lectura\">[+]<\/a><\/p>\n","protected":false},"author":302,"featured_media":0,"parent":0,"menu_order":0,"comment_status":"closed","ping_status":"closed","template":"","meta":[],"acf":[],"_links":{"self":[{"href":"https:\/\/ensalcira-cba.infd.edu.ar\/sitio\/wp-json\/wp\/v2\/pages\/2851"}],"collection":[{"href":"https:\/\/ensalcira-cba.infd.edu.ar\/sitio\/wp-json\/wp\/v2\/pages"}],"about":[{"href":"https:\/\/ensalcira-cba.infd.edu.ar\/sitio\/wp-json\/wp\/v2\/types\/page"}],"author":[{"embeddable":true,"href":"https:\/\/ensalcira-cba.infd.edu.ar\/sitio\/wp-json\/wp\/v2\/users\/302"}],"replies":[{"embeddable":true,"href":"https:\/\/ensalcira-cba.infd.edu.ar\/sitio\/wp-json\/wp\/v2\/comments?post=2851"}],"version-history":[{"count":2,"href":"https:\/\/ensalcira-cba.infd.edu.ar\/sitio\/wp-json\/wp\/v2\/pages\/2851\/revisions"}],"predecessor-version":[{"id":2871,"href":"https:\/\/ensalcira-cba.infd.edu.ar\/sitio\/wp-json\/wp\/v2\/pages\/2851\/revisions\/2871"}],"wp:attachment":[{"href":"https:\/\/ensalcira-cba.infd.edu.ar\/sitio\/wp-json\/wp\/v2\/media?parent=2851"}],"curies":[{"name":"wp","href":"https:\/\/api.w.org\/{rel}","templated":true}]}}

La construcción del camino lector a través de la Bitácora de Lectura

<div class="wp-block-image is-style-default"><figure class="alignleft size-large is-resized"><img decoding="async" loading="lazy" src="https://ensalcira-cba.infd.edu.ar/sitio/wp-content/uploads/2021/09/WhatsApp-Image-2021-09-24-at-14.44.15.jpeg" alt="" class="wp-image-2852" width="411" height="251"/></figure></div>



<p>Esta propuesta comenzó a desarrollarse durante el ciclo lectivo 2020 y se continúa implementando en el actualidad como una acción transversal entre los espacio curriculares de Oralidad, Lectura y Escritura (1°año) y Literatura en el Nivel Primario (3° año). Propone el abordaje de la literatura como universo autónomo para fortalecer la formación de los estudiantes como sujetos adultos lectores de Literatura. </p>



<p>A partir de este objetivo se piensa en la elaboración de una bitácora para que los estudiantes construyan a partir de un corpus de textos, recorridos lectores diversos que propicien el diálogo, enriquecimiento y reflexión a partir de sus experiencias de lectura literaria.</p>



<p><br></p>

<p>Esta propuesta comenzó a desarrollarse durante el ciclo lectivo 2020 y se continúa implementando en el actualidad como una acción transversal entre los espacio curriculares de Oralidad, Lectura y Escritura (1°año) y Literatura en el Nivel Primario (3° año). Propone el abordaje de la literatura como universo autónomo para fortalecer la formación de los estudiantes &#8230; <a title="La construcción del camino lector a través de la Bitácora de Lectura" class="read-more" href="https://ensalcira-cba.infd.edu.ar/sitio/la-construccion-del-camino-lector-a-traves-de-la-bitacora-de-lectura/" aria-label="More on La construcción del camino lector a través de la Bitácora de Lectura">[+]</a></p>
