{"id":1231,"date":"2018-08-30T15:11:13","date_gmt":"2018-08-30T18:11:13","guid":{"rendered":"https:\/\/ensalcira-cba.infd.edu.ar\/sitio\/ubicacion\/"},"modified":"2024-09-24T16:19:02","modified_gmt":"2024-09-24T19:19:02","slug":"ubicacion","status":"publish","type":"page","link":"https:\/\/ensalcira-cba.infd.edu.ar\/sitio\/ubicacion\/","title":{"rendered":"Ubicaci\u00f3n"},"content":{"rendered":"<p style=\"text-align: left;\"><span style=\"font-family: arial,helvetica,sans-serif; font-size: 10pt;\">La Escuela se encuentra ubicada en la localidad de Alcira Gigena, Departamento R\u00edo Cuarto, Provincia de C\u00f3rdoba.<\/span><\/p>\n<div style=\"text-align: left; padding-left: 30px;\"><span style=\"font-family: arial,helvetica,sans-serif;\"><span style=\"font-size: 12pt;\"><span style=\"font-size: 12pt;\"><span style=\"font-size: 12pt;\"><span style=\"color: #ff6600;\"><strong><span style=\"font-size: 12pt;\">BREVE DESCRIPCI\u00d3N\u00a0 DE LA LOCALIDAD DE ALCIRA GIGENA<\/span><\/strong><\/span><br \/>\n<\/span> <\/span><\/span><\/span><\/p>\n<table border=\"1\" width=\"541\" cellspacing=\"0\" cellpadding=\"0\">\n<tbody>\n<tr>\n<td style=\"width: 541px;\" colspan=\"2\">\n<p style=\"text-align: center;\"><span style=\"font-family: Times New Roman; font-size: 10pt;\"><span style=\"color: #000000;\"><strong><span style=\"font-family: arial,helvetica,sans-serif; font-size: 12pt; color: #ff6600;\">Alcira (Estaci\u00f3n Gigena)<\/span><br \/>\n<\/strong><\/span><\/span><\/p>\n<\/td>\n<\/tr>\n<tr>\n<td valign=\"top\"><span style=\"font-size: 12pt; font-family: arial,helvetica,sans-serif;\"><a title=\"Pa\u00eds\" href=\"http:\/\/es.wikipedia.org\/wiki\/Pa%C3%83%C2%ADs\"><span style=\"color: #000000;\"><strong>Pa\u00eds:<\/strong><\/span><\/a><\/span><\/td>\n<td style=\"width: 436px;\" valign=\"top\"><span style=\"font-size: 12pt;\"><span style=\"font-family: arial,helvetica,sans-serif;\">Argentina<\/span><\/span><span style=\"font-size: 12pt;\"><span style=\"font-family: arial,helvetica,sans-serif;\">\u00a0<\/span><\/span><span style=\"font-size: 12pt;\"><span style=\"font-family: arial,helvetica,sans-serif;\"><br \/>\n<\/span><\/span><\/td>\n<\/tr>\n<tr>\n<td valign=\"top\"><span style=\"font-size: 12pt; font-family: arial,helvetica,sans-serif;\"><a title=\"Provincias de Argentina\" href=\"http:\/\/es.wikipedia.org\/wiki\/Provincias_de_Argentina\"><span style=\"color: #000000;\"><strong>Provincia<\/strong><\/span><\/a><\/span><\/td>\n<td style=\"width: 436px;\" valign=\"top\"><span style=\"font-size: 12pt;\"><span style=\"font-family: arial,helvetica,sans-serif;\"><a title=\"Provincia de C\u00f3rdoba (Argentina)\" href=\"http:\/\/es.wikipedia.org\/wiki\/Provincia_de_C%C3%83%C2%B3rdoba_(Argentina)\"><span style=\"color: #000000;\">C\u00f3rdoba<\/span><\/a> <\/span><\/span><\/td>\n<\/tr>\n<tr>\n<td valign=\"top\"><span style=\"font-size: 12pt;\"><strong><span style=\"font-family: arial,helvetica,sans-serif;\"><a title=\"Departamento\" href=\"http:\/\/es.wikipedia.org\/wiki\/Departamento\"><span style=\"color: #000000;\">Departamento<\/span><\/a><\/span><\/strong><\/span><\/td>\n<td style=\"width: 436px;\" valign=\"top\"><span style=\"font-size: 12pt;\"><span style=\"font-family: arial,helvetica,sans-serif;\"><a title=\"R\u00edo Cuarto (departamento)\" href=\"http:\/\/es.wikipedia.org\/wiki\/R%C3%83%C2%ADo_Cuarto_(departamento)\"><span style=\"color: #000000;\">R\u00edo Cuarto<\/span><\/a><\/span><\/span><\/td>\n<\/tr>\n<tr>\n<td valign=\"top\"><span style=\"font-size: 12pt; font-family: arial,helvetica,sans-serif;\"><span style=\"color: #000000;\"><strong>Municipio<br \/>\n<\/strong><\/span><\/span><\/td>\n<td style=\"width: 436px;\" valign=\"top\"><span style=\"font-size: 12pt;\"><span style=\"font-family: arial,helvetica,sans-serif;\"><span style=\"color: #000000;\">Alcira Gigena<br \/>\n<\/span><\/span><\/span><\/td>\n<\/tr>\n<tr>\n<td valign=\"top\"><span style=\"font-size: 12pt; font-family: arial,helvetica,sans-serif;\"><span style=\"color: #000000;\"><strong>Ubicaci\u00f3n<br \/>\n<\/strong><\/span><\/span><\/td>\n<td style=\"width: 436px; text-align: left;\" valign=\"top\"><span style=\"font-size: 12pt;\"><span style=\"font-family: arial,helvetica,sans-serif;\"><a title=\"http:\/\/tools.wikimedia.de\/~magnus\/geo\/geohack.php?language=es\u00b6ms=32_41_26_S_64_43_16_W_type:city\" href=\"http:\/\/tools.wikimedia.de\/~magnus\/geo\/geohack.php?language=es%C2%B6ms=32_41_26_S_64_43_16_W_type:city\"><span style=\"color: #000000;\">32\u00b041\u203226\u2033S, 64\u00b043\u203216\u2033O<\/span><\/a><br \/>\n<\/span><\/span><\/td>\n<\/tr>\n<tr>\n<td valign=\"top\"><span style=\"font-size: 12pt; font-family: arial,helvetica,sans-serif;\"><a title=\"Altitud\" href=\"http:\/\/es.wikipedia.org\/wiki\/Altitud\"><span style=\"color: #000000;\"><strong>Altitud<\/strong><\/span><\/a><\/span><\/td>\n<td style=\"width: 436px;\" valign=\"top\"><span style=\"font-size: 12pt;\"><span style=\"font-family: arial,helvetica,sans-serif;\"><span style=\"color: #000000;\">534 <\/span><a title=\"Metro\" href=\"http:\/\/es.wikipedia.org\/wiki\/Metro\"><span style=\"color: #000000;\">msnm<\/span><\/a><\/span><\/span><\/td>\n<\/tr>\n<tr>\n<td valign=\"top\"><span style=\"font-size: 12pt; font-family: arial,helvetica,sans-serif;\"><span style=\"color: #000000;\"><strong>Fundaci\u00f3n<br \/>\n<\/strong><\/span><\/span><\/td>\n<td style=\"width: 436px;\" valign=\"top\"><span style=\"font-size: 12pt;\"><span style=\"font-family: arial,helvetica,sans-serif;\"><a title=\"1911\" href=\"http:\/\/es.wikipedia.org\/wiki\/1911\"><span style=\"color: #000000;\">1911<\/span><\/a><\/span><\/span><\/td>\n<\/tr>\n<tr>\n<td valign=\"top\"><span style=\"font-size: 12pt; font-family: arial,helvetica,sans-serif;\"><a title=\"Poblaci\u00f3n mundial\" href=\"http:\/\/es.wikipedia.org\/wiki\/Poblaci%C3%83%C2%B3n_mundial\"><span style=\"color: #000000;\"><strong>Poblaci\u00f3n<\/strong><\/span><\/a><\/span><\/td>\n<td style=\"width: 436px;\" valign=\"top\"><span style=\"font-size: 12pt;\"><span style=\"font-family: arial,helvetica,sans-serif;\"><span style=\"color: #000000;\">6.524 hab. (seg\u00fan datos Censo<\/span><span style=\"color: #000000;\">\u00a0<\/span><span style=\"color: #000000;\">2022)<\/span><span style=\"color: #000000;\"><br \/>\n<\/span><\/span><\/span><\/td>\n<\/tr>\n<tr>\n<td valign=\"top\"><span style=\"font-size: 12pt; font-family: arial,helvetica,sans-serif;\"><a title=\"C\u00f3digo postal\" href=\"http:\/\/es.wikipedia.org\/wiki\/C%C3%83%C2%B3digo_postal\"><span style=\"color: #000000;\"><strong>C\u00f3digo\u00a0postal<\/strong><\/span><\/a><\/span><\/td>\n<td style=\"width: 436px;\" valign=\"top\"><span style=\"font-size: 12pt;\"><span style=\"font-family: arial,helvetica,sans-serif;\"><a title=\"C\u00f3digo Postal Argentino\" href=\"http:\/\/es.wikipedia.org\/wiki\/C%C3%83%C2%B3digo_Postal_Argentino\"><span style=\"color: #000000;\">X5813<\/span><\/a><\/span><\/span><\/td>\n<\/tr>\n<tr>\n<td valign=\"top\"><span style=\"font-size: 12pt; font-family: arial,helvetica,sans-serif;\"><a title=\"Prefijo telef\u00f3nico\" href=\"http:\/\/es.wikipedia.org\/wiki\/Prefijo_telef%C3%83%C2%B3nico\"><span style=\"color: #000000;\"><strong>Pref.\u00a0telef\u00f3nico<\/strong><\/span><\/a><\/span><\/td>\n<td style=\"width: 436px;\" valign=\"top\"><span style=\"font-size: 12pt;\"><span style=\"font-family: arial,helvetica,sans-serif;\"><span style=\"color: #000000;\">0358<br \/>\n<\/span><\/span><\/span><\/td>\n<\/tr>\n<tr>\n<td valign=\"top\"><span style=\"font-size: 12pt; font-family: arial,helvetica,sans-serif;\"><span style=\"color: #000000;\"><strong>Intendente<br \/>\n<\/strong><\/span><\/span><\/td>\n<td style=\"width: 436px;\" valign=\"top\"><span style=\"font-size: 12pt;\">Nancy Foresto<\/span><\/td>\n<\/tr>\n<tr>\n<td style=\"width: 541px;\" colspan=\"2\"><img decoding=\"async\" style=\"display: block; margin-left: auto; margin-right: auto;\" src=\"https:\/\/ensalcira-cba.infd.edu.ar\/sitio\/wp-content\/uploads\/2018\/08\/mapa_cordoba.bmp\" alt=\"Lugar en donde se encuentra Alcira Gigena.\" border=\"0\" \/><\/td>\n<\/tr>\n<\/tbody>\n<\/table>\n<\/div>\n<div><span style=\"font-size: 12pt;\"><span style=\"font-size: 12pt;\"><span style=\"font-size: 12pt;\"><span style=\"font-size: 12pt;\"><span style=\"font-size: 12pt;\"><span style=\"font-size: 12pt;\"><span style=\"font-size: 12pt;\"><span style=\"font-size: 12pt;\"><span style=\"font-family: Times New Roman;\"><span style=\"text-decoration: underline; font-family: arial,helvetica,sans-serif;\"><strong><span style=\"font-size: 12pt;\">\u00a0<\/span><\/strong><\/span><\/span><\/span><\/span><\/span><\/span><\/span><\/span><\/span><\/span><\/div>\n<div><span style=\"font-size: 12pt;\"><span style=\"font-size: 12pt;\"><span style=\"font-size: 12pt;\"><span style=\"font-size: 12pt;\"><span style=\"font-size: 12pt;\"><span style=\"font-size: 12pt;\"><span style=\"font-size: 12pt;\"><span style=\"font-size: 12pt;\"><span style=\"font-family: Times New Roman;\"><span style=\"text-decoration: underline; font-family: arial,helvetica,sans-serif;\"><strong><span style=\"font-size: 12pt;\">Historia<\/span><\/strong><\/span><\/span><\/span><\/span><\/span><\/span><\/span><\/span><\/span><\/span><\/div>\n<div><span style=\"font-size: 12pt;\"><span style=\"font-size: 12pt;\"><span style=\"font-size: 12pt;\"><span style=\"font-size: 12pt;\"><span style=\"font-size: 12pt;\"><span style=\"font-size: 12pt;\"><span style=\"font-size: 12pt;\"><span style=\"font-size: 12pt;\"><span style=\"font-family: Times New Roman;\"><span style=\"text-decoration: underline; font-family: arial,helvetica,sans-serif;\"><strong><span style=\"font-size: 12pt;\">\u00a0<\/span><\/strong><\/span><\/span><\/span><\/span><\/span><\/span><\/span><\/span><\/span><\/span><\/div>\n<div style=\"text-align: justify;\"><span style=\"font-size: 10pt;\"><span style=\"font-family: arial,helvetica,sans-serif;\">Para conocer los detalles sobre la fundaci\u00f3n de este pueblo se hace casi necesario remontarse a m\u00e1s de cien a\u00f1os atr\u00e1s, cuando el Se\u00f1or Braulio Gigena compr\u00f3 una extensi\u00f3n de terreno de dos mil hect\u00e1reas, zona que abarca desde el arroyo de Tegua hasta la Estancia \u00bb La Laguna\u00bb, distante dos mil metros de esta localidad propiedad de la Sra. Beatriz del Carmen Riveros Morcillo de Guerra Sra. y Cristina Morcillo de Riveros Gigena.<\/span><br \/>\n<\/span><\/p>\n<p><span style=\"font-size: 10pt;\"><span style=\"font-family: arial,helvetica,sans-serif;\">En aquella \u00e9poca, estas tierras eran v\u00edrgenes, s\u00f3lo hab\u00eda algunos animales, el cultivo no se conoc\u00eda. El Sr. Gigena las dedic\u00f3 para la siembra de plantas forrajeras, entreg\u00e1ndose por completo a la cr\u00eda de ganados vacuno, lanar y caballar. Dej\u00f3 a un lado la agricultura dada la dificultad que exist\u00eda para el transporte de cereales, pues las estaciones m\u00e1s cercanas eran R\u00edo Cuarto y Cabrera y el \u00fanico medio de comunicaci\u00f3n carros y chatas, eran de poca utilidad debido a los caminos, en ese entonces intransitables.<\/span><br \/>\n<\/span><\/p>\n<p><span style=\"font-family: arial,helvetica,sans-serif; font-size: 10pt;\">A la muerte del Sr. Gigena, heredaron estas dos mil hect\u00e1reas sus hijos Alejandro, Ramona y Rosa, quienes se asociaron y constituyeron una sola Estancia: \u00abLa Uni\u00f3n\u00bb, edificando la primera casa de la zona hecha con materiales rudimentarios y techo de paja. Estos nuevos propietarios arrendaron una parte del terreno a algunos colonos que fueron los primeros en dedicarse a la agricultura.<\/span><\/p>\n<\/div>\n<h2><span style=\"text-decoration: underline;\"><strong><span style=\"font-family: arial,helvetica,sans-serif; font-size: 12pt;\">Fundaci\u00f3n del Pueblo<\/span><\/strong><\/span><\/h2>\n<p style=\"text-align: justify;\"><span style=\"font-size: 10pt; font-family: arial,helvetica,sans-serif;\">M\u00e1s tarde, en el a\u00f1o <a title=\"1911\" href=\"http:\/\/es.wikipedia.org\/wiki\/1911\">1911<\/a>, cuando se conoci\u00f3 el proyecto del ferrocarril de pasar la l\u00ednea f\u00e9rrea por la regi\u00f3n, estos tres hermanos, separaron sus bienes correspondiendo 700 hect\u00e1reas a la hoy Sra.Ramona Gigena Morcillo, quien form\u00f3 una sociedad con el Sr. Lutgardis Riveros Gigena con el objeto de trazar una poblaci\u00f3n. El Sr.Riveros Gigena con la ayuda del <a title=\"Ingeniero Willson (a\u00fan no redactado)\" href=\"http:\/\/es.wikipedia.org\/w\/index.php?title=Ingeniero_Willson&amp;action=edit&amp;redlink=1\">ingeniero Willson<\/a>, delinearon el pueblo que abarcar\u00eda una extensi\u00f3n de 186 hect\u00e1reas, donde se dividieron en 84 manzanas.<\/span><br \/>\n<span style=\"font-family: arial,helvetica,sans-serif; font-size: 10pt;\">La sociedad Riveros Gigena-Gigena, don\u00f3 50.000 m2 de terreno para el cuadro de la estaci\u00f3n del ferrocarril, con la condici\u00f3n de que \u00e9sta, denominada entonces km \u00ab83.300\u00bb sobre el ramal <a title=\"R\u00edo Cuarto\" href=\"http:\/\/es.wikipedia.org\/wiki\/R%C3%83%C2%ADo_Cuarto\">R\u00edo Cuarto<\/a> a Salto (<a title=\"R\u00edo Tercero\" href=\"http:\/\/es.wikipedia.org\/wiki\/R%C3%83%C2%ADo_Tercero\">R\u00edo Tercero<\/a>) se le pusiera el nombre de Gigena, en recuerdo del Sr. Braulio Gigena. Como no se realiz\u00f3 ninguna ceremonia para la fundaci\u00f3n de este pueblo, no existe fecha exacta de la misma, aunque si bien se sabe, que la Sra. Ramona g. De Morcillo inscribi\u00f3 este nuevo pueblo con el nombre de Alcira, en memoria de su hija, en el <a title=\"Departamento Topogr\u00e1fico de la Provincia (a\u00fan no redactado)\" href=\"http:\/\/es.wikipedia.org\/w\/index.php?title=Departamento_Topogr%C3%A1fico_de_la_Provincia&amp;action=edit&amp;redlink=1\">Departamento Topogr\u00e1fico de la Provincia<\/a>, en el a\u00f1o <a title=\"1911\" href=\"http:\/\/es.wikipedia.org\/wiki\/1911\">1911<\/a><span style=\"font-family: Times New Roman;\">.<\/span><\/span><\/p>\n<h2 style=\"text-align: left;\"><span style=\"font-size: 12pt;\"><span style=\"font-size: 12pt;\"><span style=\"font-size: 12pt;\"><span style=\"font-size: 12pt;\"><span style=\"font-size: 12pt;\"><span style=\"font-size: 12pt;\"><span style=\"font-size: 12pt;\"><span style=\"font-size: 12pt;\"><span style=\"font-size: 12pt;\"><span style=\"font-family: Times New Roman;\"><span style=\"font-size: 12pt;\">\u00a0<\/span><\/span><\/span><\/span><\/span><\/span><\/span><\/span><\/span><\/span><\/span><strong><span style=\"font-size: 12pt;\"><span style=\"font-size: 12pt;\"><span style=\"font-size: 12pt;\"><span style=\"font-size: 12pt;\"><span style=\"font-size: 12pt;\"><span style=\"font-size: 12pt;\"><span style=\"font-size: 12pt;\"><span style=\"font-size: 12pt;\"><span style=\"font-size: 12pt;\"><span style=\"font-family: Times New Roman;\"><span style=\"text-decoration: underline;\"><span style=\"font-size: 12pt; font-family: arial,helvetica,sans-serif;\">Desarrollo y Formaci\u00f3n del Pueblo<\/span><\/span><\/span><\/span><\/span><\/span><\/span><\/span><\/span><\/span><\/span><\/span><\/strong><span style=\"font-size: 12pt;\"><span style=\"font-size: 12pt;\"><span style=\"font-size: 12pt;\"><span style=\"font-size: 12pt;\"><span style=\"font-size: 12pt;\"><span style=\"font-size: 12pt;\"><span style=\"font-size: 12pt;\"><span style=\"font-size: 12pt;\"><span style=\"font-size: 12pt;\"><span style=\"font-family: Times New Roman;\"><span style=\"font-size: 12pt;\">\u00a0<\/span><\/span><\/span><\/span><\/span><\/span><\/span><\/span><\/span><\/span><\/span><\/h2>\n<p style=\"margin: 0cm; margin-bottom: .0001pt; text-align: justify;\"><span style=\"font-size: 10.0pt; font-family: 'Arial','sans-serif';\">La oficina de correos y tel\u00e9grafos se inaugur\u00f3 en el a\u00f1o <a title=\"1914\" href=\"http:\/\/es.wikipedia.org\/wiki\/1914\">1914<\/a>. <\/span><\/p>\n<p style=\"margin: 0cm; margin-bottom: .0001pt; text-align: justify;\"><span style=\"font-size: 10.0pt; font-family: 'Arial','sans-serif';\">La escuela provincial empez\u00f3 a funcionar en el a\u00f1o <a title=\"1912\" href=\"http:\/\/es.wikipedia.org\/wiki\/1912\">1912<\/a>. El edificio que ocupa actualmente fue construido en <a title=\"1928\" href=\"http:\/\/es.wikipedia.org\/wiki\/1928\">1928<\/a>.<\/span><\/p>\n<p style=\"margin: 0cm; margin-bottom: .0001pt; text-align: justify;\"><span style=\"font-size: 10.0pt; font-family: 'Arial','sans-serif';\">La sucursal del <a title=\"Banco de C\u00f3rdoba (a\u00fan no redactado)\" href=\"http:\/\/es.wikipedia.org\/w\/index.php?title=Banco_de_C%C3%B3rdoba&amp;action=edit&amp;redlink=1\">Banco de C\u00f3rdoba<\/a> inici\u00f3 sus actividades en el a\u00f1o <a title=\"1923\" href=\"http:\/\/es.wikipedia.org\/wiki\/1923\">1923.<\/a><\/span><\/p>\n<p style=\"margin: 0cm; margin-bottom: .0001pt; text-align: justify;\"><span style=\"font-size: 10.0pt; font-family: 'Arial','sans-serif';\">M\u00e1s tarde en <a title=\"1928\" href=\"http:\/\/es.wikipedia.org\/wiki\/1928\">1928<\/a> se construy\u00f3 tambi\u00e9n el edificio de la Polic\u00eda. <\/span><\/p>\n<p style=\"margin: 0cm; margin-bottom: .0001pt; text-align: justify;\"><span style=\"font-size: 10.0pt; font-family: 'Arial','sans-serif';\">La red de la Uni\u00f3n Telef\u00f3nica comenz\u00f3 a funcionar en el a\u00f1o <a title=\"1918\" href=\"http:\/\/es.wikipedia.org\/wiki\/1918\">1918<\/a>. <\/span><\/p>\n<p style=\"margin: 0cm; margin-bottom: .0001pt; text-align: justify;\"><span style=\"font-size: 10.0pt; font-family: 'Arial','sans-serif';\">El suministro de Energ\u00eda El\u00e9ctrica empez\u00f3 en el a\u00f1o 1917 con un peque\u00f1o motor de 8 caballos a gas que apenas alcanzaba a dar luz a contadas casas. <\/span><\/p>\n<p style=\"margin: 0cm; margin-bottom: .0001pt; text-align: justify;\"><span style=\"font-size: 10.0pt; font-family: 'Arial','sans-serif';\">En <a title=\"Noviembre\" href=\"http:\/\/es.wikipedia.org\/wiki\/Noviembre\">noviembre<\/a> de <a title=\"1925\" href=\"http:\/\/es.wikipedia.org\/wiki\/1925\">1925<\/a>, se constituy\u00f3 la Municipalidad, siendo su primer Intendente el Sr. Mariano Gorgas (H) y el primer Presidente del Honorable Concejo Deliberante, el Sr. Pablo Galimberti<\/span><strong>.<\/strong><\/p>\n<h2><\/h2>\n<h2 style=\"text-align: justify;\"><strong><span style=\"text-decoration: underline; font-family: arial,helvetica,sans-serif; font-size: 12pt;\">Eventos Festivos<\/span><br \/>\n<\/strong><\/h2>\n<p><span style=\"font-family: Times New Roman; font-size: 10pt;\"><span style=\"font-family: comic sans ms,sans-serif;\"><span style=\"font-family: arial,helvetica,sans-serif;\"><strong>Fiesta Nacional del Contratista Rural:<\/strong> Organizada por el Club Atl\u00e9tico Lutgardis Riveros Gigena.<\/span><\/span><\/span><\/p>\n<p><span style=\"font-family: Times New Roman;\"><span style=\"font-family: comic sans ms,sans-serif; font-size: 12pt;\"><span style=\"font-size: 12pt;\"><span style=\"font-family: arial,helvetica,sans-serif;\"><span style=\"font-size: 10pt;\"><strong>Fiesta Nacional del Ma\u00edz y la Cosecha Gruesa:<\/strong> Organizada por el Club Sportivo y Biblioteca Dr. Lautaro Roncedo.<\/span><\/span><\/span><\/span><\/span><\/p>\n<p><span style=\"font-family: Times New Roman;\"><span style=\"font-size: 12pt;\"><span style=\"font-family: arial,helvetica,sans-serif; font-size: 10pt;\"><strong>Fiesta La Flor del Pago:<\/strong> Organizada por el Centro Tradicionalista Gauchos de Tegua.<\/span><br \/>\n<\/span><\/span><\/p>\n","protected":false},"excerpt":{"rendered":"<p>La Escuela se encuentra ubicada en la localidad de Alcira Gigena, Departamento R\u00edo Cuarto, Provincia de C\u00f3rdoba. BREVE DESCRIPCI\u00d3N\u00a0 DE LA LOCALIDAD DE ALCIRA GIGENA Alcira (Estaci\u00f3n Gigena) Pa\u00eds: Argentina\u00a0 Provincia C\u00f3rdoba Departamento R\u00edo Cuarto Municipio Alcira Gigena Ubicaci\u00f3n 32\u00b041\u203226\u2033S, 64\u00b043\u203216\u2033O Altitud 534 msnm Fundaci\u00f3n 1911 Poblaci\u00f3n 6.524 hab. (seg\u00fan datos Censo\u00a02022) C\u00f3digo\u00a0postal X5813 Pref.\u00a0telef\u00f3nico &#8230; <a title=\"Ubicaci\u00f3n\" class=\"read-more\" href=\"https:\/\/ensalcira-cba.infd.edu.ar\/sitio\/ubicacion\/\" aria-label=\"More on Ubicaci\u00f3n\">[+]<\/a><\/p>\n","protected":false},"author":86,"featured_media":0,"parent":0,"menu_order":0,"comment_status":"closed","ping_status":"closed","template":"","meta":[],"acf":[],"_links":{"self":[{"href":"https:\/\/ensalcira-cba.infd.edu.ar\/sitio\/wp-json\/wp\/v2\/pages\/1231"}],"collection":[{"href":"https:\/\/ensalcira-cba.infd.edu.ar\/sitio\/wp-json\/wp\/v2\/pages"}],"about":[{"href":"https:\/\/ensalcira-cba.infd.edu.ar\/sitio\/wp-json\/wp\/v2\/types\/page"}],"author":[{"embeddable":true,"href":"https:\/\/ensalcira-cba.infd.edu.ar\/sitio\/wp-json\/wp\/v2\/users\/86"}],"replies":[{"embeddable":true,"href":"https:\/\/ensalcira-cba.infd.edu.ar\/sitio\/wp-json\/wp\/v2\/comments?post=1231"}],"version-history":[{"count":3,"href":"https:\/\/ensalcira-cba.infd.edu.ar\/sitio\/wp-json\/wp\/v2\/pages\/1231\/revisions"}],"predecessor-version":[{"id":3314,"href":"https:\/\/ensalcira-cba.infd.edu.ar\/sitio\/wp-json\/wp\/v2\/pages\/1231\/revisions\/3314"}],"wp:attachment":[{"href":"https:\/\/ensalcira-cba.infd.edu.ar\/sitio\/wp-json\/wp\/v2\/media?parent=1231"}],"curies":[{"name":"wp","href":"https:\/\/api.w.org\/{rel}","templated":true}]}}